{"id":16018,"date":"2022-06-23T11:07:15","date_gmt":"2022-06-23T09:07:15","guid":{"rendered":"https:\/\/www.nns.cz\/blog\/?page_id=16018"},"modified":"2023-02-25T16:29:33","modified_gmt":"2023-02-25T14:29:33","slug":"dejepis-9","status":"publish","type":"page","link":"https:\/\/www.nns.cz\/blog\/digitalni-kompetence\/dejepis-9\/","title":{"rendered":"D\u011bjepis 9"},"content":{"rendered":"<h4 style=\"text-align: right;\"><a href=\"https:\/\/www.nns.cz\/blog\/digitalni-kompetence\/\" rel=\"noopener\">zp\u011bt na v\u00fdb\u011br titulu<\/a><\/h4>\n<h3>Vyu\u017eili jste n\u011bkter\u00fd z&nbsp;n\u00e1m\u011bt\u016f ve v\u00fduce, m\u00e1te n\u00e1m\u011bty nebo p\u0159ipom\u00ednky? Kontaktujte n\u00e1s na <a href=\"mailto:digi@nns.cz\">digi@nns.cz<\/a>.<\/h3>\n<p>N\u00e1m\u011bty budou pr\u016fb\u011b\u017en\u011b aktualizov\u00e1ny a&nbsp;vylep\u0161ov\u00e1ny.<\/p>\n<p>V sou\u010dasn\u00e9 dob\u011b jsme v&nbsp;p\u0159\u00edpad\u011b D\u011bjepisu pro 9.&nbsp;ro\u010dn\u00edk zvolili vhodn\u00e9 n\u00e1m\u011bty v&nbsp;podob\u011b odkaz\u016f do vzd\u011bl\u00e1vac\u00ed aplikace pro pr\u00e1ci s&nbsp;historick\u00fdmi prameny <strong><a href=\"https:\/\/www.historylab.cz\/\">HistoryLab<\/a>.<\/strong><\/p>\n<p>str. 12 \u2013 Dozvuky v\u00e1lky<\/p>\n<p><a href=\"https:\/\/lms.historylab.cz\/katalog\/cviceni\/co-delaji-zeny-na-fotografii\">https:\/\/lms.historylab.cz\/katalog\/cviceni\/co-delaji-zeny-na-fotografii<\/a><\/p>\n<p>str. 13 \u2013 Pov\u00e1le\u010dn\u00e9 zm\u011bny v&nbsp;Evrop\u011b i&nbsp;ve sv\u011bt\u011b<\/p>\n<p><a href=\"https:\/\/lms.historylab.cz\/katalog\/cviceni\/jak-prvni-svetova-valka-zmenila-hranice\">https:\/\/lms.historylab.cz\/katalog\/cviceni\/jak-prvni-svetova-valka-zmenila-hranice<\/a><\/p>\n<p>str. 13 \u2013 M\u00edrov\u00e1 konference<\/p>\n<p><a href=\"https:\/\/lms.historylab.cz\/katalog\/cviceni\/co-prinese-mir\">https:\/\/lms.historylab.cz\/katalog\/cviceni\/co-prinese-mir<\/a><\/p>\n<p>str. 16 \u2013 M\u00e1me republiku<\/p>\n<p><a href=\"https:\/\/lms.historylab.cz\/katalog\/cviceni\/co-kluci-provedli\">https:\/\/lms.historylab.cz\/katalog\/cviceni\/co-kluci-provedli<\/a><\/p>\n<p><a href=\"https:\/\/lms.historylab.cz\/katalog\/cviceni\/proc-vznikl-skolni-obraz\">https:\/\/lms.historylab.cz\/katalog\/cviceni\/proc-vznikl-skolni-obraz<\/a><\/p>\n<p>str. 28 \u2013 Dal\u0161\u00ed mo\u017enosti z\u00e1bavy<\/p>\n<p><a href=\"https:\/\/lms.historylab.cz\/katalog\/cviceni\/rozruch-na-namesti\">https:\/\/lms.historylab.cz\/katalog\/cviceni\/rozruch-na-namesti<\/a><\/p>\n<p>str. 29 \u2013 Sportov\u00e1n\u00ed<\/p>\n<p><a href=\"https:\/\/lms.historylab.cz\/katalog\/cviceni\/jak-vnimali-boxersky-zapas\">https:\/\/lms.historylab.cz\/katalog\/cviceni\/jak-vnimali-boxersky-zapas<\/a><\/p>\n<p>str. 32 \u2013 Dopady krize na obyvatelstvo<\/p>\n<p><a href=\"https:\/\/lms.historylab.cz\/katalog\/cviceni\/migrant-mother\">https:\/\/lms.historylab.cz\/katalog\/cviceni\/migrant-mother<\/a><\/p>\n<p>str. 37 \u2013 Nedemokratick\u00e9 re\u017eimy v&nbsp;dal\u0161\u00edch zem\u00edch<\/p>\n<p><a href=\"https:\/\/lms.historylab.cz\/katalog\/cviceni\/co-umeni-vypovida-o-valce\">https:\/\/lms.historylab.cz\/katalog\/cviceni\/co-umeni-vypovida-o-valce<\/a><\/p>\n<p>str. 40 \u2013 Demokracie ohro\u017eena<\/p>\n<p><a href=\"https:\/\/lms.historylab.cz\/katalog\/cviceni\/proc-demonstrovali\">https:\/\/lms.historylab.cz\/katalog\/cviceni\/proc-demonstrovali<\/a><\/p>\n<p>str. 43 \u2013 Mnichovsk\u00e1 konference<\/p>\n<p><a href=\"https:\/\/lms.historylab.cz\/katalog\/cviceni\/mnichov-1938\">https:\/\/lms.historylab.cz\/katalog\/cviceni\/mnichov-1938<\/a><\/p>\n<p>str. 44 \u2013 Druh\u00e1 republika<\/p>\n<p><a href=\"https:\/\/lms.historylab.cz\/katalog\/cviceni\/proc-resit-zidovskou-otazku\">https:\/\/lms.historylab.cz\/katalog\/cviceni\/proc-resit-zidovskou-otazku<\/a><\/p>\n<p>str. 62 \u2013 \u0160kolstv\u00ed<\/p>\n<p><a href=\"https:\/\/lms.historylab.cz\/katalog\/cviceni\/co-se-ucime-krome-pocitani\">https:\/\/lms.historylab.cz\/katalog\/cviceni\/co-se-ucime-krome-pocitani<\/a><\/p>\n<p>str. 65 \u2013 Atent\u00e1t na Heydricha<\/p>\n<p><a href=\"https:\/\/lms.historylab.cz\/katalog\/cviceni\/meli-udat-cyklistu\">https:\/\/lms.historylab.cz\/katalog\/cviceni\/meli-udat-cyklistu<\/a><\/p>\n<p>str. 68 \u2013 Konec v\u00e1lky v\u00a0Evrop\u011b<\/p>\n<p><a href=\"https:\/\/lms.historylab.cz\/katalog\/cviceni\/vztycovani-vlajky\">https:\/\/lms.historylab.cz\/katalog\/cviceni\/vztycovani-vlajky<\/a><\/p>\n<p>str. 71 \u2013 Holocaust<\/p>\n<p><a href=\"https:\/\/lms.historylab.cz\/katalog\/cviceni\/vojak-na-fotografii\">https:\/\/lms.historylab.cz\/katalog\/cviceni\/vojak-na-fotografii<\/a><\/p>\n<p>str. 83 \u2013 Etapy dekolonizace<\/p>\n<p><a href=\"https:\/\/lms.historylab.cz\/katalog\/cviceni\/co-prinesla-nova-univerzita\">https:\/\/lms.historylab.cz\/katalog\/cviceni\/co-prinesla-nova-univerzita<\/a><\/p>\n<p>str. 84 \u2013 Obnoven\u00ed republiky<\/p>\n<p><a href=\"https:\/\/lms.historylab.cz\/katalog\/cviceni\/proc-prejmenovali-ulice\">https:\/\/lms.historylab.cz\/katalog\/cviceni\/proc-prejmenovali-ulice<\/a><\/p>\n<p>str. 85 \u2013 Odsun N\u011bmc\u016f<\/p>\n<p><a href=\"https:\/\/lms.historylab.cz\/katalog\/cviceni\/proc-byli-vysidleni\">https:\/\/lms.historylab.cz\/katalog\/cviceni\/proc-byli-vysidleni<\/a><\/p>\n<p><a href=\"https:\/\/lms.historylab.cz\/katalog\/cviceni\/kam-zmizeli-cesti-nemci\">https:\/\/lms.historylab.cz\/katalog\/cviceni\/kam-zmizeli-cesti-nemci<\/a><\/p>\n<p>str. 87 \u2013 Konec demokracie v\u00a0\u010ceskoslovensku<\/p>\n<p><a href=\"https:\/\/lms.historylab.cz\/katalog\/cviceni\/co-si-mohli-myslet-lide-v-bufetu\">https:\/\/lms.historylab.cz\/katalog\/cviceni\/co-si-mohli-myslet-lide-v-bufetu<\/a><\/p>\n<p>str. 88 \u2013 Za\u010d\u00edn\u00e1 doba totality<\/p>\n<p><a href=\"https:\/\/lms.historylab.cz\/katalog\/cviceni\/co-rikali-o-obraze\">https:\/\/lms.historylab.cz\/katalog\/cviceni\/co-rikali-o-obraze<\/a><\/p>\n<p><a href=\"https:\/\/lms.historylab.cz\/katalog\/cviceni\/politika-na-namesti\">https:\/\/lms.historylab.cz\/katalog\/cviceni\/politika-na-namesti<\/a><\/p>\n<p>str. 90 \u2013 Pron\u00e1sledov\u00e1n\u00ed odp\u016frc\u016f komunistick\u00e9ho re\u017eimu<\/p>\n<p><a href=\"https:\/\/lms.historylab.cz\/katalog\/cviceni\/proc-zaci-psali-rezoluci\">https:\/\/lms.historylab.cz\/katalog\/cviceni\/proc-zaci-psali-rezoluci<\/a><\/p>\n<p>str. 90 \u2013 V\u00fdsledky socialistick\u00e9ho hospoda\u0159en\u00ed v&nbsp;50.&nbsp;letech<\/p>\n<p><a href=\"https:\/\/lms.historylab.cz\/katalog\/cviceni\/proc-vytvareli-mapu\">https:\/\/lms.historylab.cz\/katalog\/cviceni\/proc-vytvareli-mapu<\/a><\/p>\n<p><a href=\"https:\/\/lms.historylab.cz\/katalog\/cviceni\/vanocni-zmena\">https:\/\/lms.historylab.cz\/katalog\/cviceni\/vanocni-zmena<\/a><\/p>\n<p><a href=\"https:\/\/lms.historylab.cz\/katalog\/cviceni\/kam-ho-umistit\">https:\/\/lms.historylab.cz\/katalog\/cviceni\/kam-ho-umistit<\/a><\/p>\n<p>str. 91 \u2013 Ka\u017edodenn\u00ed \u017eivot v\u00a0totalit\u011b<\/p>\n<p><a href=\"https:\/\/lms.historylab.cz\/katalog\/cviceni\/jak-videli-zenu\">https:\/\/lms.historylab.cz\/katalog\/cviceni\/jak-videli-zenu<\/a><\/p>\n<p><a href=\"https:\/\/lms.historylab.cz\/katalog\/cviceni\/proc-sedeli-ve-skole\">https:\/\/lms.historylab.cz\/katalog\/cviceni\/proc-sedeli-ve-skole<\/a><\/p>\n<p><a href=\"https:\/\/lms.historylab.cz\/katalog\/cviceni\/jak-mely-deti-travit-volny-cas\">https:\/\/lms.historylab.cz\/katalog\/cviceni\/jak-mely-deti-travit-volny-cas<\/a><\/p>\n<p>str. 95 \u2013 V\u00e1lka v&nbsp;Koreji<\/p>\n<p><a href=\"https:\/\/lms.historylab.cz\/katalog\/cviceni\/proc-je-v-ceskoslovenske-skole\">https:\/\/lms.historylab.cz\/katalog\/cviceni\/proc-je-v-ceskoslovenske-skole<\/a><\/p>\n<p>str. 95 \u2013 Berl\u00ednsk\u00e1 krize<\/p>\n<p><a href=\"https:\/\/lms.historylab.cz\/katalog\/cviceni\/co-prinesla-zed\">https:\/\/lms.historylab.cz\/katalog\/cviceni\/co-prinesla-zed<\/a><\/p>\n<p>str. 96 \u2013 V\u00e1lka ve Vietnamu<\/p>\n<p><a href=\"https:\/\/lms.historylab.cz\/katalog\/cviceni\/napalm-girl\">https:\/\/lms.historylab.cz\/katalog\/cviceni\/napalm-girl<\/a><\/p>\n<p>str. 99 \u2013 Srpnov\u00fd vp\u00e1d vojsk do \u010cSSR<\/p>\n<p><a href=\"https:\/\/lms.historylab.cz\/katalog\/cviceni\/videt-a-slyset-srpnovou-okupaci\">https:\/\/lms.historylab.cz\/katalog\/cviceni\/videt-a-slyset-srpnovou-okupaci<\/a><\/p>\n<p><a href=\"https:\/\/lms.historylab.cz\/katalog\/cviceni\/co-tvrdil-atlas\">https:\/\/lms.historylab.cz\/katalog\/cviceni\/co-tvrdil-atlas<\/a><\/p>\n<p>str. 100 \u2013 Normalizace \u2013 n\u00e1vrat k\u00a0totalit\u011b<\/p>\n<p><a href=\"https:\/\/lms.historylab.cz\/katalog\/cviceni\/to-byla-slava\">https:\/\/lms.historylab.cz\/katalog\/cviceni\/to-byla-slava<\/a><\/p>\n<p>str. 101 \u2013 \u017divot v&nbsp;dob\u011b normalizace<\/p>\n<p><a href=\"https:\/\/lms.historylab.cz\/katalog\/cviceni\/co-ministr-vzkazuje-ucitelum\">https:\/\/lms.historylab.cz\/katalog\/cviceni\/co-ministr-vzkazuje-ucitelum<\/a><\/p>\n<p><a href=\"https:\/\/lms.historylab.cz\/katalog\/cviceni\/jak-oslavovali-statni-svatek\">https:\/\/lms.historylab.cz\/katalog\/cviceni\/jak-oslavovali-statni-svatek<\/a><\/p>\n<p>str. 101 \u2013 Opozice a&nbsp;protesty<\/p>\n<p><a href=\"https:\/\/lms.historylab.cz\/katalog\/cviceni\/k-cemu-vyzyvaly-dva-tisice-slov-a-charta-77\">https:\/\/lms.historylab.cz\/katalog\/cviceni\/k-cemu-vyzyvaly-dva-tisice-slov-a-charta-77<\/a><\/p>\n<p>str. 106 \u2013 Zm\u011bny na V\u00fdchod\u011b<\/p>\n<p><a href=\"https:\/\/lms.historylab.cz\/katalog\/cviceni\/proc-padly-komunisticke-rezimy\">https:\/\/lms.historylab.cz\/katalog\/cviceni\/proc-padly-komunisticke-rezimy<\/a><\/p>\n<p>str. 109 \u2013 Listopad 1989 \u2013 \u201esametov\u00e1 revoluce\u201c<\/p>\n<p><a href=\"https:\/\/lms.historylab.cz\/katalog\/cviceni\/k-cemu-jsou-nam-vyroci\">https:\/\/lms.historylab.cz\/katalog\/cviceni\/k-cemu-jsou-nam-vyroci<\/a><\/p>\n<p>str. 110 \u2013 Zm\u011bny po&nbsp;\u201esametov\u00e9 revoluci\u201c<\/p>\n<p><a href=\"https:\/\/lms.historylab.cz\/katalog\/cviceni\/jakou-budoucnost-nabizeli\">https:\/\/lms.historylab.cz\/katalog\/cviceni\/jakou-budoucnost-nabizeli<\/a><\/p>\n<p><a href=\"https:\/\/lms.historylab.cz\/katalog\/cviceni\/jaky-pribeh-vypravi-tank\">https:\/\/lms.historylab.cz\/katalog\/cviceni\/jaky-pribeh-vypravi-tank<\/a><\/p>\n<p>str. 111 \u2013 Kon\u010d\u00ed spole\u010dn\u00fd st\u00e1t \u010cech\u016f a&nbsp;Slov\u00e1k\u016f<\/p>\n<p><a href=\"https:\/\/lms.historylab.cz\/katalog\/cviceni\/proc-se-rozpadlo-ceskoslovensko\">https:\/\/lms.historylab.cz\/katalog\/cviceni\/proc-se-rozpadlo-ceskoslovensko<\/a><\/p>\n<p>str. 112 \u2013 Probl\u00e9my nov\u00e9ho st\u00e1tu<\/p>\n<p><a href=\"https:\/\/lms.historylab.cz\/katalog\/cviceni\/o-co-jim-slo\">https:\/\/lms.historylab.cz\/katalog\/cviceni\/o-co-jim-slo<\/a><\/p>\n<p>str. 113 \u2013 Jadern\u00fd v\u00fdzkum<\/p>\n<p><a href=\"https:\/\/lms.historylab.cz\/katalog\/cviceni\/proc-ocistovali-kravy\">https:\/\/lms.historylab.cz\/katalog\/cviceni\/proc-ocistovali-kravy<\/a><\/p>\n<p><a href=\"https:\/\/lms.historylab.cz\/katalog\/cviceni\/jak-informovali-o-havarii\">https:\/\/lms.historylab.cz\/katalog\/cviceni\/jak-informovali-o-havarii<\/a><\/p>\n<p>&nbsp;<\/p>\n<h4 style=\"text-align: right;\"><a href=\"https:\/\/www.nns.cz\/blog\/digitalni-kompetence\/\" rel=\"noopener\">zp\u011bt na v\u00fdb\u011br titulu<\/a><\/h4>\n","protected":false},"excerpt":{"rendered":"<p>zp\u011bt na v\u00fdb\u011br titulu Vyu\u017eili jste n\u011bkter\u00fd z&nbsp;n\u00e1m\u011bt\u016f ve v\u00fduce, m\u00e1te n\u00e1m\u011bty nebo p\u0159ipom\u00ednky? Kontaktujte n\u00e1s na digi@nns.cz. N\u00e1m\u011bty budou pr\u016fb\u011b\u017en\u011b aktualizov\u00e1ny a&nbsp;vylep\u0161ov\u00e1ny. V&nbsp;sou\u010dasn\u00e9 dob\u011b jsme v&nbsp;p\u0159\u00edpad\u011b D\u011bjepisu pro 9.&nbsp;ro\u010dn\u00edk zvolili vhodn\u00e9 n\u00e1m\u011bty v&nbsp;podob\u011b odkaz\u016f do vzd\u011bl\u00e1vac\u00ed aplikace pro pr\u00e1ci s&nbsp;historick\u00fdmi prameny HistoryLab. str.&nbsp;12 \u2013 Dozvuky v\u00e1lky https:\/\/lms.historylab.cz\/katalog\/cviceni\/co-delaji-zeny-na-fotografii str.&nbsp;13 \u2013 Pov\u00e1le\u010dn\u00e9 zm\u011bny [&hellip;]<\/p>\n","protected":false},"author":6,"featured_media":0,"parent":15791,"menu_order":0,"comment_status":"closed","ping_status":"closed","template":"","meta":{"footnotes":""},"class_list":["post-16018","page","type-page","status-publish","hentry"],"_links":{"self":[{"href":"https:\/\/www.nns.cz\/blog\/wp-json\/wp\/v2\/pages\/16018","targetHints":{"allow":["GET"]}}],"collection":[{"href":"https:\/\/www.nns.cz\/blog\/wp-json\/wp\/v2\/pages"}],"about":[{"href":"https:\/\/www.nns.cz\/blog\/wp-json\/wp\/v2\/types\/page"}],"author":[{"embeddable":true,"href":"https:\/\/www.nns.cz\/blog\/wp-json\/wp\/v2\/users\/6"}],"replies":[{"embeddable":true,"href":"https:\/\/www.nns.cz\/blog\/wp-json\/wp\/v2\/comments?post=16018"}],"version-history":[{"count":4,"href":"https:\/\/www.nns.cz\/blog\/wp-json\/wp\/v2\/pages\/16018\/revisions"}],"predecessor-version":[{"id":16511,"href":"https:\/\/www.nns.cz\/blog\/wp-json\/wp\/v2\/pages\/16018\/revisions\/16511"}],"up":[{"embeddable":true,"href":"https:\/\/www.nns.cz\/blog\/wp-json\/wp\/v2\/pages\/15791"}],"wp:attachment":[{"href":"https:\/\/www.nns.cz\/blog\/wp-json\/wp\/v2\/media?parent=16018"}],"curies":[{"name":"wp","href":"https:\/\/api.w.org\/{rel}","templated":true}]}}