{"id":19062,"date":"2025-01-16T13:04:38","date_gmt":"2025-01-16T11:04:38","guid":{"rendered":"https:\/\/www.nns.cz\/blog\/?page_id=19062"},"modified":"2025-01-16T13:05:10","modified_gmt":"2025-01-16T11:05:10","slug":"procenta-trojclenka","status":"publish","type":"page","link":"https:\/\/www.nns.cz\/blog\/digitalni-kompetence\/procenta-trojclenka\/","title":{"rendered":"Procenta, troj\u010dlenka"},"content":{"rendered":"<h4 style=\"text-align: right;\"><a href=\"https:\/\/www.nns.cz\/blog\/digitalni-kompetence\/\" rel=\"noopener\">zp\u011bt na v\u00fdb\u011br titulu<\/a><\/h4>\n<h3>Vyu\u017eili jste n\u011bkter\u00fd z&nbsp;n\u00e1m\u011bt\u016f ve v\u00fduce, m\u00e1te n\u00e1m\u011bty nebo p\u0159ipom\u00ednky? Kontaktujte n\u00e1s na <a href=\"mailto:digi@nns.cz\">digi@nns.cz<\/a>.<\/h3>\n<p>N\u00e1m\u011bty budou pr\u016fb\u011b\u017en\u011b aktualizov\u00e1ny a&nbsp;vylep\u0161ov\u00e1ny.<\/p>\n<h2><strong>Strana 5, \u0159e\u0161en\u00e1 \u00faloha \u010d.&nbsp;3<\/strong><\/h2>\n<p>V\u00a0jak\u00e9m maxim\u00e1ln\u00edm m\u011b\u0159\u00edtku byste mohli na form\u00e1t pap\u00edru A4 zakreslit mapu, kde by byla zn\u00e1zorn\u011bna trasa z\u00a0Prahy do Ko\u0161ic? Vzdu\u0161nou vzd\u00e1lenost a&nbsp;velikost form\u00e1tu pap\u00edru zjist\u011bte na internetu.<\/p>\n<p>Doporu\u010den\u00e9 zdroje:<strong><br \/>\n<\/strong><a href=\"https:\/\/cs.distance.to\/\">https:\/\/cs.distance.to\/<\/a><br \/>\n<a href=\"https:\/\/cs.wikipedia.org\/wiki\/Form%C3%A1t_pap%C3%ADru\">https:\/\/cs.wikipedia.org\/wiki\/Form%C3%A1t_pap%C3%ADru<\/a><\/p>\n<h2><strong>Strana 7, cv. 5<\/strong><\/h2>\n<p>V\u00a0jak\u00e9m maxim\u00e1ln\u00edm m\u011b\u0159\u00edtku byste mohli na form\u00e1t pap\u00edru A5 zakreslit mapu, kde by byla zn\u00e1zorn\u011bna trasa z\u00a0Karlov\u00fdch Var\u016f do Ostravy? Vzdu\u0161nou vzd\u00e1lenost zm\u011b\u0159te pomoc\u00ed n\u00e1stroje na m\u011b\u0159en\u00ed vzd\u00e1lenosti v\u00a0aplikaci Google Earth, velikost form\u00e1tu pap\u00edru zjist\u011bte na internetu.<\/p>\n<p>Doporu\u010den\u00e9 zdroje:<strong><br \/>\n<\/strong><a href=\"https:\/\/earth.google.com\/\">https:\/\/earth.google.com\/<\/a><br \/>\n<a href=\"https:\/\/cs.wikipedia.org\/wiki\/Form%C3%A1t_pap%C3%ADru\">https:\/\/cs.wikipedia.org\/wiki\/Form%C3%A1t_pap%C3%ADru<\/a><\/p>\n<h2><strong>Strana 10, \u0159e\u0161en\u00e1 \u00faloha \u010d.&nbsp;1<\/strong><\/h2>\n<p>Vyhledejte na internetu p\u0159ibli\u017en\u00fd \u00fadaj, kolik hmotnosti ztrat\u00ed p\u0159i&nbsp;su\u0161en\u00ed \u0161\u00edpky. Sestavte pom\u011br, kter\u00fd ud\u00e1v\u00e1 hmotnost \u0161\u00edpku p\u0159ed su\u0161en\u00edm ke hmotnosti \u0161\u00edpku po&nbsp;vysu\u0161en\u00ed. Pom\u011br vypo\u010d\u00edtejte a&nbsp;\u0159ekn\u011bte, co tato hodnota znamen\u00e1.<\/p>\n<p>Doporu\u010den\u00fd zdroj:<strong><br \/>\n<\/strong><a href=\"https:\/\/www.cajovebedynky.cz\/domaci-sipkovy-caj-recept\/\">https:\/\/www.cajovebedynky.cz\/domaci-sipkovy-caj-recept\/<\/a><\/p>\n<h2><strong>Strana 11, \u0159e\u0161en\u00e1 \u00faloha \u010d.&nbsp;2<\/strong><\/h2>\n<p>D\u011bde\u010dek pot\u0159eboval na chalup\u011b vybetonovat chodn\u00edk a&nbsp;rozhodl se, \u017ee si beton p\u0159iprav\u00ed v\u00a0m\u00edcha\u010dce sm\u00edch\u00e1n\u00edm cementu, p\u00edsku, \u0161t\u011brku a&nbsp;vody. Do m\u00edcha\u010dky postupn\u011b p\u0159idal vodu, 5 lopat p\u00edsku, cement a&nbsp;\u0161t\u011brk. Kolik lopat cementu a&nbsp;kolik lopat \u0161t\u011brku by m\u011bl k\u00a0p\u00edsku a&nbsp;k\u00a0vod\u011b postupn\u011b p\u0159idat, aby byl beton kvalitn\u00ed? V\u00a0jak\u00e9m pom\u011bru se m\u00edch\u00e1 beton v\u00a0m\u00edcha\u010dce, zjist\u011bte na internetu.<\/p>\n<p>Doporu\u010den\u00e9 zdroje:<strong><br \/>\n<\/strong><a href=\"https:\/\/www.izomat.cz\/vite-jak-spravne-namichat-beton\/\">https:\/\/www.izomat.cz\/vite-jak-spravne-namichat-beton\/<\/a><br \/>\n<a href=\"https:\/\/www.mall.cz\/jak-namichat-beton-jde-to-i-doma-ale-pozor-na-pomery-materialu\">https:\/\/www.mall.cz\/jak-namichat-beton-jde-to-i-doma-ale-pozor-na-pomery-materialu<\/a><\/p>\n<h2><strong>Strana 13, \u0159e\u0161en\u00e1 \u00faloha \u010d.&nbsp;4<\/strong><\/h2>\n<p>Eli\u0161ka pojede na \u0161koln\u00ed pozn\u00e1vac\u00ed v\u00fdlet do rakousk\u00e9ho hlavn\u00edho m\u011bsta. Na vstupn\u00e9 do muze\u00ed pot\u0159ebuje v\u00a0hotovosti 40 EUR. S\u00a0pomoc\u00ed internetu zjist\u011bte, jakou \u010d\u00e1stku by zaplatila, kdyby nakoupila eura v\u00a0tento den. Kurz eura hledejte v\u00a0kolonce valuty-prodej (banka Eli\u0161ce valuty prod\u00e1v\u00e1, proto prodej).<\/p>\n<p>Doporu\u010den\u00fd zdroj:<strong><br \/>\n<\/strong><a href=\"https:\/\/www.kurzy.cz\/kurzy-men\/nejlepsi-kurzy\/EUR-euro\/\">https:\/\/www.kurzy.cz\/kurzy-men\/nejlepsi-kurzy\/EUR-euro\/<\/a><\/p>\n<h2><strong>Strana 18, \u00falohy k&nbsp;procvi\u010den\u00ed<\/strong><\/h2>\n<p>Na oblo\u017een\u00ed st\u011bn chodby bylo pot\u0159eba 200 ks \u010dtvercov\u00fdch obklada\u010dek form\u00e1tu 100 \u00d7 100 cm. Na internetu vyhledejte co nejv\u011bt\u0161\u00ed \u010dtvercov\u00e9 obklada\u010dky a&nbsp;vypo\u010d\u00edtejte, kolik kus\u016f by bylo pot\u0159eba na oblo\u017een\u00ed stejn\u011b velk\u00e9 plochy.<\/p>\n<p>Doporu\u010den\u00e9 zdroje:<strong><br \/>\n<\/strong><a href=\"https:\/\/www.stonegallery.cz\/formaty-obkladu-a-dlazeb-co-je-dnes-bezny-rozmer-a-co-uz-vel\">https:\/\/www.stonegallery.cz\/formaty-obkladu-a-dlazeb-co-je-dnes-bezny-rozmer-a-co-uz-vel<\/a><br \/>\n<a href=\"https:\/\/www.mbkeramika.cz\/sekce\/velkoformatove-obklady-a-dlazby\/do-interieru?dimensions=43#mbfilter_after\">https:\/\/www.mbkeramika.cz\/sekce\/velkoformatove-obklady-a-dlazby\/do-interieru?dimensions=43#mbfilter_after<\/a><br \/>\n<a href=\"https:\/\/www.keraservis.cz\/velkoformatove-obklady\/\">https:\/\/www.keraservis.cz\/velkoformatove-obklady\/<\/a><\/p>\n<h2><strong>Strana 23, \u0159e\u0161en\u00e1 \u00faloha \u010d.&nbsp;2<\/strong><\/h2>\n<p>P\u0159i obchodov\u00e1n\u00ed se zlatem se m\u016f\u017eeme setkat s\u00a0jednotkou hmotnosti zlata, kterou ozna\u010dujeme jako trojsk\u00e1 unce.<\/p>\n<ol>\n<li>Vyhledejte na internetu, jak\u00fdmi p\u00edsmeny se trojsk\u00e1 unce ozna\u010duje.<\/li>\n<li>Vyhledejte cenu, kterou bychom za trojskou unci zlata dnes zaplatili v\u00a0USD (americk\u00fdch dolarech).<\/li>\n<li>Vyhledejte, kolik korun bychom dnes zaplatili za 1 USD, a&nbsp;vypo\u010d\u00edtejte, kolik korun bychom dnes zaplatili za trojskou unci zlata.<\/li>\n<li>Vypo\u010d\u00edtejte pomoc\u00ed troj\u010dlenky, kolik by dnes st\u00e1l 1 gram zlata.<\/li>\n<\/ol>\n<p>Doporu\u010den\u00e9 zdroje:<strong><br \/>\n<\/strong><a href=\"https:\/\/www.kb.cz\/cs\/podpora\/slovnik\/vyrazy-zacinajici-na-t\/trojska-unce\">https:\/\/www.kb.cz\/cs\/podpora\/slovnik\/vyrazy-zacinajici-na-t\/trojska-unce<\/a><br \/>\n<a href=\"https:\/\/www.kurzy.cz\/komodity\/zlato-graf-vyvoje-ceny\/\">https:\/\/www.kurzy.cz\/komodity\/zlato-graf-vyvoje-ceny\/<\/a><br \/>\n<a href=\"https:\/\/www.csas.cz\/cs\/kurzovni-listek#\/exchange\/type\/NONCASH\/from\/CZK\/to\/USD\">https:\/\/www.csas.cz\/cs\/kurzovni-listek#\/exchange\/type\/NONCASH\/from\/CZK\/to\/USD<\/a><\/p>\n<h2><strong>Strana 27, \u00falohy k&nbsp;procvi\u010den\u00ed<\/strong><\/h2>\n<p>S\u00a0pomoc\u00ed internetu zjist\u011bte, kudy vede silnice zn\u00e1m\u00e1 jako Route 66 a&nbsp;kolik mil m\u011b\u0159\u00ed. D\u00e1le zjist\u011bte, kolik kilometr\u016f m\u011b\u0159\u00ed jedna m\u00edle.<br \/>\nVypo\u010d\u00edtejte, kolik kilometr\u016f m\u011b\u0159\u00ed silnice Route 66. Pokud jste tento \u00fadaj nalezli na internetu, doka\u017ete tuto skute\u010dnost v\u00fdpo\u010dtem pomoc\u00ed troj\u010dlenky, kde si jako 100&nbsp;% ozna\u010d\u00edte d\u00e9lku silnice v\u00a0m\u00edl\u00edch.<\/p>\n<p>Doporu\u010den\u00fd zdroj:<strong><br \/>\n<\/strong><a href=\"https:\/\/cs.wikipedia.org\/wiki\/U.S._Route_66\">https:\/\/cs.wikipedia.org\/wiki\/U.S._Route_66<\/a><\/p>\n<h2><strong>Strana 27, cv. 4<\/strong><\/h2>\n<p>V\u00a0n\u00e1dr\u017ei na\u0161eho auta bylo 50&nbsp;l benz\u00ednu a&nbsp;ujeli jsme s\u00a0n\u00edm vzd\u00e1lenost 833 km.<\/p>\n<ol>\n<li>Vypo\u010d\u00edtejte pr\u016fm\u011brnou spot\u0159ebu na\u0161eho auta na 100 km j\u00edzdy.<\/li>\n<li>Na internetu vyhledejte bazarov\u00e9 auto s\u00a0vy\u0161\u0161\u00ed pr\u016fm\u011brnou spot\u0159ebou na 100 km, ne\u017e m\u00e1 na\u0161e auto. Vypo\u010d\u00edtejte, jakou vzd\u00e1lenost byste s\u00a0t\u00edmto autem ujeli s\u00a050&nbsp;l pohonn\u00fdch hmot v\u00a0n\u00e1dr\u017ei.<\/li>\n<li>Na internetu vyhledejte bazarov\u00e9 auto s\u00a0ni\u017e\u0161\u00ed pr\u016fm\u011brnou spot\u0159ebou na 100 km, ne\u017e m\u00e1 na\u0161e auto. Vypo\u010d\u00edtejte, jakou vzd\u00e1lenost byste s\u00a0t\u00edmto autem ujeli s\u00a050&nbsp;l pohonn\u00fdch hmot v\u00a0n\u00e1dr\u017ei.<\/li>\n<\/ol>\n<p>Doporu\u010den\u00e9 zdroje:<strong><br \/>\n<\/strong><a href=\"https:\/\/www.ceskybenzin.cz\/zobrazit_prumerne_spotreby.php\">https:\/\/www.ceskybenzin.cz\/zobrazit_prumerne_spotreby.php<\/a><br \/>\n<a href=\"https:\/\/www.ceskybenzin.cz\/spotreby\/CHRYSLER\">https:\/\/www.ceskybenzin.cz\/spotreby\/CHRYSLER<\/a><\/p>\n<h2><strong>Strana 33, \u0159e\u0161en\u00e1 \u00faloha \u010d.&nbsp;5<\/strong><\/h2>\n<p>Sch\u016fze Poslaneck\u00e9 sn\u011bmovny se z\u00fa\u010dastnilo 63 poslanc\u016f. Sch\u016fze Sen\u00e1tu se z\u00fa\u010dastnilo rovn\u011b\u017e 63 sen\u00e1tor\u016f. Vypo\u010d\u00edtejte, kolik procent poslanc\u016f se z\u00fa\u010dastnilo sch\u016fze Poslaneck\u00e9 sn\u011bmovny a&nbsp;kolik procent sen\u00e1tor\u016f se z\u00fa\u010dastnilo sch\u016fze Sen\u00e1tu. \u00dadaje o&nbsp;po\u010dtu poslanc\u016f a&nbsp;sen\u00e1tor\u016f vyhledejte na internetu.<\/p>\n<p>Doporu\u010den\u00fd zdroj:<strong><br \/>\n<\/strong><a href=\"https:\/\/cs.wikipedia.org\/wiki\/Parlament_%C4%8Cesk%C3%A9_republiky\">https:\/\/cs.wikipedia.org\/wiki\/Parlament_%C4%8Cesk%C3%A9_republiky<\/a><\/p>\n<h2><strong>Strana 36, \u00falohy k&nbsp;procvi\u010den\u00ed<\/strong><\/h2>\n<p>Vyberte si slazen\u00fd n\u00e1poj (nap\u0159.&nbsp;cola) a&nbsp;vypo\u010d\u00edtejte, kolik procent cukru obsahuje. \u00dadaje o&nbsp;obsahu cukru ve vybran\u00e9m n\u00e1poj vyhledejte na internetu. P\u0159i&nbsp;v\u00fdpo\u010dtu pou\u017eijte, \u017ee 1&nbsp;l tohoto n\u00e1poje v\u00e1\u017e\u00ed 1&nbsp;kg.<\/p>\n<p>Doporu\u010den\u00fd zdroj:<strong><br \/>\n<\/strong><a href=\"https:\/\/www.stobklub.cz\/clanek\/kolik-cukru-je-obsazeno-v-napojich-\/\">https:\/\/www.stobklub.cz\/clanek\/kolik-cukru-je-obsazeno-v-napojich-\/<\/a><\/p>\n<h2><strong>Strana 41, \u0159e\u0161en\u00e1 \u00faloha<\/strong><\/h2>\n<p>Od 1.\u00a01.\u00a02024 se v\u00a0\u010cesk\u00e9 republice zv\u00fd\u0161ila <strong>minim\u00e1ln\u00ed mzda <\/strong>pro zam\u011bstnance se stanovenou t\u00fddenn\u00ed pracovn\u00ed dobou 40 hodin o\u00a01\u00a0600&nbsp;K\u010d. S\u00a0pomoc\u00ed internetu zjist\u011bte, co je to minim\u00e1ln\u00ed mzda, a&nbsp;vy\u0159e\u0161te \u00fakoly.<br \/>\na) S\u00a0pomoc\u00ed internetu zjist\u011bte, kolik \u010dinila minim\u00e1ln\u00ed mzda p\u0159ed nav\u00fd\u0161en\u00edm a&nbsp;kolik po&nbsp;nav\u00fd\u0161en\u00ed.<br \/>\nb) Vypo\u010d\u00edtejte, o&nbsp;kolik procent se tato mzda nav\u00fd\u0161ila.<br \/>\nc) S\u00a0pomoc\u00ed internetu zjist\u011bte, kolik korun \u010din\u00ed minim\u00e1ln\u00ed mzda v\u00a0sou\u010dasn\u00e9 dob\u011b.<br \/>\nd) Pokud je minim\u00e1ln\u00ed mzda vy\u0161\u0161\u00ed ne\u017e v\u00a0roce 2024, vypo\u010d\u00edtejte o&nbsp;kolik procent se zv\u00fd\u0161ila p\u0159i&nbsp;posledn\u00edm nav\u00fd\u0161en\u00ed.<\/p>\n<p>Doporu\u010den\u00fd zdroj:<strong><br \/>\n<\/strong><a href=\"https:\/\/www.mpsv.cz\/minimalni-mzda\">https:\/\/www.mpsv.cz\/minimalni-mzda<\/a><\/p>\n<h2><strong>Strana 46, \u00falohy k&nbsp;procvi\u010den\u00ed<\/strong><\/h2>\n<p>S\u00a0pomoc\u00ed internetu zjist\u011bte aktu\u00e1ln\u00ed cenu b\u011b\u017en\u00e9ho balen\u00ed m\u00e1sla v\u00a0jednom z\u00a0vybran\u00fdch obchod\u016f nebo u&nbsp;internetov\u00e9ho prodejce. Jak\u00e1 by byla cena v\u00a0prodejn\u00ed akci, pokud by prodejce m\u00e1slo ve slevov\u00e9 akci zlevnil o&nbsp;20&nbsp;%?<\/p>\n<p>Doporu\u010den\u00e9 zdroje:<strong><br \/>\n<\/strong><a href=\"https:\/\/masla.heureka.cz\/\">https:\/\/masla.heureka.cz\/<\/a><br \/>\n<a href=\"https:\/\/www.zbozi.cz\/hledej\/?q=m%C3%A1slo\">https:\/\/www.zbozi.cz\/hledej\/?q=m%C3%A1slo<\/a><\/p>\n<h2><strong>Strana 46, \u00falohy k&nbsp;procvi\u010den\u00ed <\/strong><\/h2>\n<p>Platba za spot\u0159ebovanou vodu se skl\u00e1d\u00e1 ze 2 \u010d\u00e1st\u00ed. S\u00a0pomoc\u00ed internetu zjist\u011bte, jak se tyto dv\u011b \u010d\u00e1sti naz\u00fdvaj\u00ed.<br \/>\nD\u00e1le zjist\u011bte, kolik \u010dinily poplatky za vodu ve va\u0161\u00ed obci nebo ve vybran\u00e9 oblasti p\u0159ed 10 lety a&nbsp;kolik \u010din\u00ed nyn\u00ed.<\/p>\n<ol>\n<li>O kolik procent se za posledn\u00edch 10 let tyto poplatky nav\u00fd\u0161ily?<\/li>\n<li>Jak\u00e1 by byla cena vody za 10 let, pokud by voda zdra\u017eila o&nbsp;stejn\u00fd po\u010det procent?<\/li>\n<\/ol>\n<p>Doporu\u010den\u00e9 zdroje:<strong><br \/>\n<\/strong><a href=\"https:\/\/pravdaovode.cz\/cena-vody\/%20\">https:\/\/pravdaovode.cz\/cena-vody\/<\/a><br \/>\n<a href=\"https:\/\/www.pvk.cz\/zakaznici\/cena\/\">https:\/\/www.pvk.cz\/zakaznici\/cena\/<\/a><\/p>\n<h2><strong>Strana 46, \u00falohy k&nbsp;procvi\u010den\u00ed<\/strong><\/h2>\n<p>Pr\u016fm\u011brn\u00e9 ceny byt\u016f m\u016f\u017eeme v\u00a0jednotliv\u00fdch oblastech srovn\u00e1vat podle ceny za 1&nbsp;m<sup>2<\/sup> bytov\u00e9 plochy. S\u00a0pomoc\u00ed internetu vyhledejte oblast v\u00a0\u010cR s\u00a0nejvy\u0161\u0161\u00ed cenou za 1&nbsp;m<sup>2<\/sup> bytov\u00e9 plochy a&nbsp;porovnejte ji s\u00a0oblast\u00ed, kde \u017eijete (pokud \u017eijete v\u00a0oblasti s\u00a0nejvy\u0161\u0161\u00ed cenou, vyberte si jak\u00e9koliv jin\u00e9 m\u00edsto v\u00a0\u010cR).<\/p>\n<ol>\n<li>O kolik procent je cena 1&nbsp;m<sup>2<\/sup> bytov\u00e9 jednotky ve va\u0161\u00ed oblasti ni\u017e\u0161\u00ed, ne\u017e v\u00a0oblasti s\u00a0nejdra\u017e\u0161\u00ed cenou?<\/li>\n<li>O kolik procent se v\u00a0obou oblastech zv\u00fd\u0161ila cena od roku 2022?<\/li>\n<\/ol>\n<p>Doporu\u010den\u00e9 zdroje:<strong><br \/>\n<\/strong><a href=\"https:\/\/www.sreality.cz\/ceny-nemovitosti\">https:\/\/www.sreality.cz\/ceny-nemovitosti<\/a><br \/>\n<a href=\"https:\/\/csu.gov.cz\/ceny-nemovitosti?pocet=10&amp;start=0&amp;podskupiny=014&amp;razeni=-datumVydani\">https:\/\/csu.gov.cz\/ceny-nemovitosti?pocet=10&amp;start=0&amp;podskupiny=014&amp;razeni=-datumVydani<\/a><\/p>\n<h2><strong>Strana 54, \u00falohy k&nbsp;procvi\u010den\u00ed<\/strong><\/h2>\n<p>S\u00a0pomoc\u00ed internetu zjist\u011bte, co je to salinita mo\u0159sk\u00e9 vody. Pot\u00e9 vyhledejte salinitu Rud\u00e9ho mo\u0159e, St\u0159edozemn\u00edho mo\u0159e, \u010cern\u00e9ho mo\u0159e, Baltsk\u00e9ho mo\u0159e a&nbsp;Mrtv\u00e9ho mo\u0159e.<\/p>\n<ol>\n<li>Vypo\u010d\u00edtejte, kolik gram\u016f soli obsahuj\u00ed 2&nbsp;kg mo\u0159sk\u00e9 vody v\u00a0jednotliv\u00fdch mo\u0159\u00edch.<\/li>\n<li>Vyhledejte pr\u016fm\u011brnou salinitu pozemsk\u00fdch oce\u00e1n\u016f a&nbsp;mo\u0159\u00ed a&nbsp;ozna\u010dte tuto hodnotu jako 100\u00a0%. Pot\u00e9 vypo\u010d\u00edtejte, o&nbsp;kolik procent se li\u0161\u00ed salinita jednotliv\u00fdch mo\u0159\u00ed (ve vztahu k\u00a0pr\u016fm\u011brn\u00e9 salinit\u011b mo\u0159\u00ed a&nbsp;oce\u00e1n\u016f).<\/li>\n<\/ol>\n<p>Doporu\u010den\u00e9 zdroje:<strong><br \/>\n<\/strong><a href=\"https:\/\/cs.wikipedia.org\/wiki\/Mo%C5%99sk%C3%A1_voda\">https:\/\/cs.wikipedia.org\/wiki\/Mo%C5%99sk%C3%A1_voda<\/a><br \/>\n<a href=\"https:\/\/cs.wikipedia.org\/wiki\/Salinita\">https:\/\/cs.wikipedia.org\/wiki\/Salinita<\/a><\/p>\n<h4 style=\"text-align: right;\"><a href=\"https:\/\/www.nns.cz\/blog\/digitalni-kompetence\/\" rel=\"noopener\">zp\u011bt na v\u00fdb\u011br titulu<\/a><\/h4>\n","protected":false},"excerpt":{"rendered":"<p>zp\u011bt na v\u00fdb\u011br titulu Vyu\u017eili jste n\u011bkter\u00fd z&nbsp;n\u00e1m\u011bt\u016f ve v\u00fduce, m\u00e1te n\u00e1m\u011bty nebo p\u0159ipom\u00ednky? Kontaktujte n\u00e1s na digi@nns.cz. N\u00e1m\u011bty budou pr\u016fb\u011b\u017en\u011b aktualizov\u00e1ny a&nbsp;vylep\u0161ov\u00e1ny. Strana 5, \u0159e\u0161en\u00e1 \u00faloha \u010d.&nbsp;3 V\u00a0jak\u00e9m maxim\u00e1ln\u00edm m\u011b\u0159\u00edtku byste mohli na form\u00e1t pap\u00edru A4 zakreslit mapu, kde by byla zn\u00e1zorn\u011bna trasa z\u00a0Prahy do Ko\u0161ic? Vzdu\u0161nou vzd\u00e1lenost a&nbsp;velikost form\u00e1tu pap\u00edru zjist\u011bte na internetu. [&hellip;]<\/p>\n","protected":false},"author":12,"featured_media":0,"parent":15791,"menu_order":0,"comment_status":"closed","ping_status":"closed","template":"","meta":{"footnotes":""},"class_list":["post-19062","page","type-page","status-publish","hentry"],"_links":{"self":[{"href":"https:\/\/www.nns.cz\/blog\/wp-json\/wp\/v2\/pages\/19062","targetHints":{"allow":["GET"]}}],"collection":[{"href":"https:\/\/www.nns.cz\/blog\/wp-json\/wp\/v2\/pages"}],"about":[{"href":"https:\/\/www.nns.cz\/blog\/wp-json\/wp\/v2\/types\/page"}],"author":[{"embeddable":true,"href":"https:\/\/www.nns.cz\/blog\/wp-json\/wp\/v2\/users\/12"}],"replies":[{"embeddable":true,"href":"https:\/\/www.nns.cz\/blog\/wp-json\/wp\/v2\/comments?post=19062"}],"version-history":[{"count":3,"href":"https:\/\/www.nns.cz\/blog\/wp-json\/wp\/v2\/pages\/19062\/revisions"}],"predecessor-version":[{"id":19065,"href":"https:\/\/www.nns.cz\/blog\/wp-json\/wp\/v2\/pages\/19062\/revisions\/19065"}],"up":[{"embeddable":true,"href":"https:\/\/www.nns.cz\/blog\/wp-json\/wp\/v2\/pages\/15791"}],"wp:attachment":[{"href":"https:\/\/www.nns.cz\/blog\/wp-json\/wp\/v2\/media?parent=19062"}],"curies":[{"name":"wp","href":"https:\/\/api.w.org\/{rel}","templated":true}]}}