{"id":3573,"date":"2011-09-13T15:50:58","date_gmt":"2011-09-13T13:50:58","guid":{"rendered":"http:\/\/nns.cz\/blog\/?page_id=3573"},"modified":"2026-03-24T23:54:00","modified_gmt":"2026-03-24T21:54:00","slug":"zemepis","status":"publish","type":"page","link":"https:\/\/www.nns.cz\/blog\/zemepis\/","title":{"rendered":"Zem\u011bpis"},"content":{"rendered":"<div class=\"wp-block-image\">\n<figure class=\"aligncenter size-large\"><a href=\"https:\/\/www.nns.cz\/blog\/wp-content\/uploads\/NNS.CZ-Zemepis-2.-stupen-2026.pdf\" target=\"_blank\" rel=\" noreferrer noopener\"><img loading=\"lazy\" decoding=\"async\" width=\"1600\" height=\"2263\" src=\"https:\/\/www.nns.cz\/blog\/wp-content\/uploads\/NNS.CZ-Zemepis-2.-stupen-2026-1600x2263.png\" alt=\"\" class=\"wp-image-20898\" srcset=\"https:\/\/www.nns.cz\/blog\/wp-content\/uploads\/NNS.CZ-Zemepis-2.-stupen-2026-1600x2263.png 1600w, https:\/\/www.nns.cz\/blog\/wp-content\/uploads\/NNS.CZ-Zemepis-2.-stupen-2026-1024x1448.png 1024w, https:\/\/www.nns.cz\/blog\/wp-content\/uploads\/NNS.CZ-Zemepis-2.-stupen-2026-400x566.png 400w, https:\/\/www.nns.cz\/blog\/wp-content\/uploads\/NNS.CZ-Zemepis-2.-stupen-2026-768x1086.png 768w, https:\/\/www.nns.cz\/blog\/wp-content\/uploads\/NNS.CZ-Zemepis-2.-stupen-2026-1086x1536.png 1086w, https:\/\/www.nns.cz\/blog\/wp-content\/uploads\/NNS.CZ-Zemepis-2.-stupen-2026-1448x2048.png 1448w, https:\/\/www.nns.cz\/blog\/wp-content\/uploads\/NNS.CZ-Zemepis-2.-stupen-2026-scaled.png 1810w\" sizes=\"auto, (max-width: 1600px) 100vw, 1600px\" \/><\/a><\/figure><\/div>\n\n\n<p><strong><a href=\"https:\/\/www.nns.cz\/blog\/wp-content\/uploads\/NNS.CZ-Zemepis-2.-stupen-2026.pdf\" target=\"_blank\" rel=\"noreferrer noopener\">Zde si m\u016f\u017eete st\u00e1hnout odpov\u00eddaj\u00edc\u00ed str\u00e1nky katalogu pro 2.&nbsp;stupe\u0148.<\/a><\/strong><\/p>\n\n\n\n<p class=\"has-medium-font-size\">M\u016f\u017eete vyu\u017e\u00edt&nbsp;<strong>ak\u010dn\u00ed nab\u00eddky<\/strong>&nbsp;k&nbsp;n\u00e1kupu <strong>barevn\u00fdch<\/strong> pracovn\u00edch se\u0161it\u016f:<\/p>\n\n\n<div class=\"wp-block-image\">\n<figure class=\"aligncenter size-large\"><img loading=\"lazy\" decoding=\"async\" width=\"1600\" height=\"330\" src=\"https:\/\/www.nns.cz\/blog\/wp-content\/uploads\/pracovni-sesity-vyhody-1600x330.png\" alt=\"\" class=\"wp-image-18389\" srcset=\"https:\/\/www.nns.cz\/blog\/wp-content\/uploads\/pracovni-sesity-vyhody-1600x330.png 1600w, https:\/\/www.nns.cz\/blog\/wp-content\/uploads\/pracovni-sesity-vyhody-1024x212.png 1024w, https:\/\/www.nns.cz\/blog\/wp-content\/uploads\/pracovni-sesity-vyhody-300x62.png 300w, https:\/\/www.nns.cz\/blog\/wp-content\/uploads\/pracovni-sesity-vyhody-768x159.png 768w, https:\/\/www.nns.cz\/blog\/wp-content\/uploads\/pracovni-sesity-vyhody-1536x317.png 1536w, https:\/\/www.nns.cz\/blog\/wp-content\/uploads\/pracovni-sesity-vyhody-2048x423.png 2048w\" sizes=\"auto, (max-width: 1600px) 100vw, 1600px\" \/><\/figure><\/div>\n\n<div class=\"inventory\" data-filter=\"false\" data-next=\"false\" data-cart=\"false\" data-ids=\"1560, 1562, 1573, 1576, 1586, 1587, 1590\"><div class=\"inventory-list\"><div class=\"dummy\"><\/div><div class=\"dummy\"><\/div><div class=\"dummy\"><\/div><div class=\"dummy\"><\/div><div class=\"dummy\"><\/div><div class=\"dummy\"><\/div><div class=\"dummy\"><\/div><\/div><\/div>\n\n\n\n<h1 class=\"wp-block-heading has-large-font-size\">Ucelen\u00e1 \u0159ada<\/h1>\n\n\n\n<p>Vyd\u00e1v\u00e1me&nbsp;ucelenou \u0159adu <strong>u\u010debnic<\/strong>,<strong> pracovn\u00edch se\u0161it\u016f<\/strong> a&nbsp;<strong>MIU\u010d+<\/strong> zem\u011bpisu, kter\u00e9 jsou&nbsp;<strong>koncipov\u00e1ny v&nbsp;souladu s&nbsp;RVP ZV<\/strong>. U\u010debnice maj\u00ed&nbsp;<strong>platn\u00e9 schvalovac\u00ed dolo\u017eky M\u0160MT<\/strong>.Jednotliv\u00e9 kapitoly obsahuj\u00ed tak\u00e9 n\u00e1zorn\u00e1 sch\u00e9mata, mapy, fotografie a&nbsp;obr\u00e1zky. Nav\u00edc zahrnuj\u00ed n\u00e1vrhy projekt\u016f.<\/p>\n\n\n<div class=\"wp-block-image\">\n<figure class=\"alignright is-resized\"><a href=\"#kotvaMIUC+\"><img loading=\"lazy\" decoding=\"async\" width=\"580\" height=\"201\" src=\"https:\/\/www.nns.cz\/blog\/wp-content\/uploads\/miuc2-580x201.jpg\" alt=\"\" class=\"wp-image-5635\" style=\"width:147px;height:auto\" srcset=\"https:\/\/www.nns.cz\/blog\/wp-content\/uploads\/miuc2-580x201.jpg 580w, https:\/\/www.nns.cz\/blog\/wp-content\/uploads\/miuc2-600x208.jpg 600w, https:\/\/www.nns.cz\/blog\/wp-content\/uploads\/miuc2.jpg 940w\" sizes=\"auto, (max-width: 580px) 100vw, 580px\" \/><\/a><\/figure><\/div>\n\n\n<p>U\u010debnice s&nbsp; pracovn\u00edmi  se\u0161ity jsou dostupn\u011b tak\u00e9 jako <strong><a href=\"#kotvaMIUC+\">multimedi\u00e1ln\u00ed interaktivn\u00ed u\u010debnice (MIU\u010d+)<\/a><\/strong><\/p>\n\n\n\n<p>Pro dopln\u011bn\u00ed pot\u0159ebn\u00fdch t\u00e9mat v&nbsp;zem\u011bpise, kter\u00e1 se vztahuj\u00ed k&nbsp;osvojov\u00e1n\u00ed \u00fa\u010deln\u00e9ho chov\u00e1n\u00ed p\u0159i&nbsp;mimo\u0159\u00e1dn\u00fdch ud\u00e1lostech a&nbsp;p\u0159i&nbsp;ohro\u017een\u00ed v&nbsp;ka\u017edodenn\u00edch rizikov\u00fdch situac\u00ed, lze vyu\u017e\u00edt u\u010debnici a&nbsp;pracovn\u00ed se\u0161it <strong><a href=\"#kotva01\">Jak se zachovat, kdy\u017e&#8230;<\/a><\/strong><\/p>\n\n\n\n<div class=\"wp-block-columns is-layout-flex wp-container-core-columns-is-layout-9d6595d7 wp-block-columns-is-layout-flex\">\n<div class=\"wp-block-column is-layout-flow wp-block-column-is-layout-flow\">\n<p class=\"has-vivid-red-color has-text-color has-link-color wp-elements-fb16ff718e05d0d77e2251ad4105a834\" style=\"font-size:16px\"><strong>Usnadn\u011bn\u00ed pro v\u00fduku podle m\u011bn\u00edc\u00edch se RVP ZV<\/strong>:<\/p>\n<\/div>\n\n\n\n<div class=\"wp-block-column is-layout-flow wp-block-column-is-layout-flow\" style=\"flex-basis:40%\">\n<p style=\"font-size:16px\">V\u00edce na:  <a href=\"https:\/\/www.nns.cz\/blog\/nove-rvp-2025\/\" target=\"_blank\" rel=\"noreferrer noopener\">nns.cz\/novervp<\/a><\/p>\n<\/div>\n<\/div>\n\n\n\n<div class=\"wp-block-columns is-layout-flex wp-container-core-columns-is-layout-9d6595d7 wp-block-columns-is-layout-flex\">\n<div class=\"wp-block-column is-layout-flow wp-block-column-is-layout-flow\">\n<h3 class=\"wp-block-heading has-text-align-left has-background has-medium-font-size\" style=\"background-color:#fdddc0\"><a href=\"http:\/\/www.nns.cz\/digi\" data-type=\"link\" data-id=\"http:\/\/www.nns.cz\/digi\" target=\"_blank\" rel=\"noreferrer noopener\">N\u00e1m\u011bty na rozvoj digit\u00e1ln\u00edch kompetenc\u00ed dostupn\u00e9 na nns.cz\/digi<\/a><\/h3>\n<\/div>\n\n\n\n<div class=\"wp-block-column is-layout-flow wp-block-column-is-layout-flow\">\n<h3 class=\"wp-block-heading has-text-align-left has-background has-medium-font-size\" style=\"background-color:#c5d7ee\"><a href=\"https:\/\/ucebnice.online\/prizpusobeni-svp\/\" target=\"_blank\" rel=\"noreferrer noopener\">Funkce MIU\u010d+ umo\u017e\u0148uj\u00edc\u00ed p\u0159izp\u016fsoben\u00ed obsahu u\u010debnice va\u0161emu \u0160VP<\/a><\/h3>\n<\/div>\n<\/div>\n\n\n\n<figure class=\"wp-block-image size-large\"><a href=\"https:\/\/www.nns.cz\/blog\/wp-content\/uploads\/prehled-ucebnic-zemepisu.png\" target=\"_blank\" rel=\"noopener\"><img loading=\"lazy\" decoding=\"async\" width=\"1024\" height=\"421\" src=\"https:\/\/www.nns.cz\/blog\/wp-content\/uploads\/prehled-ucebnic-zemepisu-1024x421.png\" alt=\"\" class=\"wp-image-11359\" srcset=\"https:\/\/www.nns.cz\/blog\/wp-content\/uploads\/prehled-ucebnic-zemepisu-1024x421.png 1024w, https:\/\/www.nns.cz\/blog\/wp-content\/uploads\/prehled-ucebnic-zemepisu-580x239.png 580w, https:\/\/www.nns.cz\/blog\/wp-content\/uploads\/prehled-ucebnic-zemepisu-600x247.png 600w, https:\/\/www.nns.cz\/blog\/wp-content\/uploads\/prehled-ucebnic-zemepisu-768x316.png 768w, https:\/\/www.nns.cz\/blog\/wp-content\/uploads\/prehled-ucebnic-zemepisu-1320x543.png 1320w, https:\/\/www.nns.cz\/blog\/wp-content\/uploads\/prehled-ucebnic-zemepisu.png 1600w\" sizes=\"auto, (max-width: 1024px) 100vw, 1024px\" \/><\/a><\/figure>\n\n\n\n<h1 class=\"wp-block-heading has-large-font-size\">U\u010debnice<\/h1>\n\n\n\n<figure class=\"wp-block-image size-large\"><img loading=\"lazy\" decoding=\"async\" width=\"1024\" height=\"576\" src=\"https:\/\/www.nns.cz\/blog\/wp-content\/uploads\/ucebnice-zemepis-6-9-nns-1024x576.jpg\" alt=\"\" class=\"wp-image-13429\" srcset=\"https:\/\/www.nns.cz\/blog\/wp-content\/uploads\/ucebnice-zemepis-6-9-nns-1024x576.jpg 1024w, https:\/\/www.nns.cz\/blog\/wp-content\/uploads\/ucebnice-zemepis-6-9-nns-580x326.jpg 580w, https:\/\/www.nns.cz\/blog\/wp-content\/uploads\/ucebnice-zemepis-6-9-nns-600x337.jpg 600w, https:\/\/www.nns.cz\/blog\/wp-content\/uploads\/ucebnice-zemepis-6-9-nns-768x432.jpg 768w, https:\/\/www.nns.cz\/blog\/wp-content\/uploads\/ucebnice-zemepis-6-9-nns.jpg 1300w\" sizes=\"auto, (max-width: 1024px) 100vw, 1024px\" \/><\/figure>\n\n\n<div class=\"inventory\" data-filter=\"false\" data-next=\"false\" data-cart=\"false\" data-ids=\"402, 403, 410, 411, 420, 421, 428\"><div class=\"inventory-list\"><div class=\"dummy\"><\/div><div class=\"dummy\"><\/div><div class=\"dummy\"><\/div><div class=\"dummy\"><\/div><div class=\"dummy\"><\/div><div class=\"dummy\"><\/div><div class=\"dummy\"><\/div><\/div><\/div>\n\n\n\n<p>V koncepci u\u010debnic je kladen d\u016fraz na prov\u00e1zanost u\u010diva a&nbsp;jeho praktickou vyu\u017eitelnost. Ka\u017ed\u00e1 kapitola u\u010debnice obsahuje mezip\u0159edm\u011btov\u00e9 vazby formou odkaz\u016f na koresponduj\u00edc\u00ed u\u010divo v&nbsp;ostatn\u00edch u\u010debnic\u00edch z&nbsp;\u0159ady, pr\u016f\u0159ezov\u00e1 t\u00e9mata, skupinov\u00e9 \u00fakoly, pojmy v&nbsp;angli\u010dtin\u011b a&nbsp;n\u011bm\u010din\u011b, opakovac\u00ed \u00fakoly, zaj\u00edmavosti, pr\u00e1ci s&nbsp;internetem a&nbsp;pr\u00e1ci s&nbsp;mapou a&nbsp;gl\u00f3busem.<\/p>\n\n\n\n<figure class=\"wp-block-image size-large\"><a href=\"https:\/\/www.nns.cz\/blog\/wp-content\/uploads\/ukazka-ucebnice-zemepis-81.png\" target=\"_blank\" rel=\"noopener\"><img loading=\"lazy\" decoding=\"async\" width=\"763\" height=\"1024\" src=\"https:\/\/www.nns.cz\/blog\/wp-content\/uploads\/ukazka-ucebnice-zemepis-81-763x1024.png\" alt=\"\" class=\"wp-image-11362\" srcset=\"https:\/\/www.nns.cz\/blog\/wp-content\/uploads\/ukazka-ucebnice-zemepis-81-763x1024.png 763w, https:\/\/www.nns.cz\/blog\/wp-content\/uploads\/ukazka-ucebnice-zemepis-81-580x778.png 580w, https:\/\/www.nns.cz\/blog\/wp-content\/uploads\/ukazka-ucebnice-zemepis-81-600x805.png 600w, https:\/\/www.nns.cz\/blog\/wp-content\/uploads\/ukazka-ucebnice-zemepis-81-768x1030.png 768w, https:\/\/www.nns.cz\/blog\/wp-content\/uploads\/ukazka-ucebnice-zemepis-81-1320x1770.png 1320w, https:\/\/www.nns.cz\/blog\/wp-content\/uploads\/ukazka-ucebnice-zemepis-81.png 1597w\" sizes=\"auto, (max-width: 763px) 100vw, 763px\" \/><\/a><\/figure>\n\n\n\n<h1 class=\"wp-block-heading has-large-font-size\"><strong><a name=\"kotva02\"><\/a>Barevn\u00e9 PRACOVN\u00cd SE\u0160ITY<\/strong><\/h1>\n\n\n<div class=\"wp-block-image\">\n<figure class=\"aligncenter size-large\"><img loading=\"lazy\" decoding=\"async\" width=\"1024\" height=\"368\" src=\"https:\/\/www.nns.cz\/blog\/wp-content\/uploads\/Ucelena-rada-zemepisy-barevne-1024x368.jpg\" alt=\"\" class=\"wp-image-12224\" srcset=\"https:\/\/www.nns.cz\/blog\/wp-content\/uploads\/Ucelena-rada-zemepisy-barevne-1024x368.jpg 1024w, https:\/\/www.nns.cz\/blog\/wp-content\/uploads\/Ucelena-rada-zemepisy-barevne-580x208.jpg 580w, https:\/\/www.nns.cz\/blog\/wp-content\/uploads\/Ucelena-rada-zemepisy-barevne-600x216.jpg 600w, https:\/\/www.nns.cz\/blog\/wp-content\/uploads\/Ucelena-rada-zemepisy-barevne-768x276.jpg 768w, https:\/\/www.nns.cz\/blog\/wp-content\/uploads\/Ucelena-rada-zemepisy-barevne-1320x474.jpg 1320w\" sizes=\"auto, (max-width: 1024px) 100vw, 1024px\" \/><\/figure><\/div>\n\n\n<p><span style=\"color: #ff0000;\">Nov\u011b vyd\u00e1v\u00e1me <strong>pln\u011bbarevn\u00e9 verze<\/strong> pracovn\u00edch se\u0161it\u016f. Od p\u016fvodn\u00edch dvoubarevn\u00fdch se li\u0161\u00ed vyu\u017eit\u00edm pln\u00e9 barevnosti, jednotliv\u00e1 cvi\u010den\u00ed z\u016fst\u00e1vaj\u00ed v&nbsp;p\u016fvodn\u00ed, osv\u011bd\u010den\u00e9 podob\u011b.<\/span><\/p>\n\n\n<div class=\"wp-block-image\">\n<figure class=\"aligncenter size-large\"><img loading=\"lazy\" decoding=\"async\" width=\"1600\" height=\"330\" src=\"https:\/\/www.nns.cz\/blog\/wp-content\/uploads\/pracovni-sesity-vyhody-1600x330.png\" alt=\"\" class=\"wp-image-18389\" srcset=\"https:\/\/www.nns.cz\/blog\/wp-content\/uploads\/pracovni-sesity-vyhody-1600x330.png 1600w, https:\/\/www.nns.cz\/blog\/wp-content\/uploads\/pracovni-sesity-vyhody-1024x212.png 1024w, https:\/\/www.nns.cz\/blog\/wp-content\/uploads\/pracovni-sesity-vyhody-300x62.png 300w, https:\/\/www.nns.cz\/blog\/wp-content\/uploads\/pracovni-sesity-vyhody-768x159.png 768w, https:\/\/www.nns.cz\/blog\/wp-content\/uploads\/pracovni-sesity-vyhody-1536x317.png 1536w, https:\/\/www.nns.cz\/blog\/wp-content\/uploads\/pracovni-sesity-vyhody-2048x423.png 2048w\" sizes=\"auto, (max-width: 1600px) 100vw, 1600px\" \/><\/figure><\/div>\n\n<div class=\"inventory\" data-filter=\"false\" data-next=\"false\" data-cart=\"false\" data-ids=\"1560, 1562, 1573, 1576, 1586, 1587, 1590\"><div class=\"inventory-list\"><div class=\"dummy\"><\/div><div class=\"dummy\"><\/div><div class=\"dummy\"><\/div><div class=\"dummy\"><\/div><div class=\"dummy\"><\/div><div class=\"dummy\"><\/div><div class=\"dummy\"><\/div><\/div><\/div>\n\n\n\n<p>Pracovn\u00ed se\u0161ity obsahuj\u00ed p\u0159edev\u0161\u00edm \u00fakoly k&nbsp;<strong>pochopen\u00ed<\/strong> a&nbsp;<strong>upev\u0148ov\u00e1n\u00ed u\u010diva<\/strong>. Tyto se\u0161ity je mo\u017en\u00e9 vyu\u017e\u00edt <strong>m\u00edsto vlastn\u00edho se\u0161itu \u017e\u00e1ka<\/strong>, jsou zde procvi\u010deny v\u0161echny z\u00e1kladn\u00ed pojmy z&nbsp;u\u010debnice. Vypln\u011bn\u00e9 \u00fakoly a&nbsp;cvi\u010den\u00ed si mohou \u017e\u00e1ci proch\u00e1zet, a&nbsp;tak si l\u00e1tku opakovat. Nov\u011b vyd\u00e1v\u00e1me <strong>barevn\u00e9 verze pracovn\u00edch se\u0161it\u016f <\/strong>(p\u016fvodn\u00ed dvoubarevn\u00e9 pracovn\u00ed se\u0161ity postupn\u011b doprod\u00e1v\u00e1me).<\/p>\n\n\n\n<p>Pracovn\u00ed se\u0161ity tvo\u0159\u00ed funk\u010dn\u00ed celek s&nbsp;jednotliv\u00fdmi u\u010debnicemi zem\u011bpisu.&nbsp;&nbsp;Jsou sou\u010d\u00e1st\u00ed&nbsp;ucelen\u00e9 \u0159ady u\u010debnic a&nbsp;pracovn\u00edch se\u0161it\u016f zem\u011bpisu, kter\u00e1 klade d\u016fraz na prov\u00e1zanost u\u010diva a&nbsp;jeho praktickou vyu\u017eitelnost a&nbsp;je vytvo\u0159ena v&nbsp;souladu s&nbsp;RVP ZV.<\/p>\n\n\n\n<p>Pracovn\u00ed se\u0161ity obsahuj\u00ed p\u0159edev\u0161\u00edm&nbsp;<strong>\u00fakoly k&nbsp;pochopen\u00ed a&nbsp;upev\u0148ov\u00e1n\u00ed u\u010diva<\/strong>. Tyto se\u0161ity je mo\u017en\u00e9 vyu\u017e\u00edt&nbsp;<strong>m\u00edsto vlastn\u00edho se\u0161itu \u017e\u00e1ka<\/strong>, jsou zde procvi\u010deny v\u0161echny z\u00e1kladn\u00ed pojmy z&nbsp;u\u010debnice.&nbsp;Vypln\u011bn\u00e9 \u00fakoly a&nbsp;cvi\u010den\u00ed si mohou \u017e\u00e1ci proch\u00e1zet, a&nbsp;tak si l\u00e1tku opakovat.<\/p>\n\n\n\n<p>V \u00favodu ka\u017ed\u00e9 kapitoly je kr\u00e1tk\u00fd text, kter\u00fd m\u00e1 nejen eduka\u010dn\u00ed, ale i&nbsp;motiva\u010dn\u00ed funkci.&nbsp;Pochopen\u00ed textu a&nbsp;navazuj\u00edc\u00ed \u00fakol&nbsp;<strong>rozv\u00edjej\u00ed \u010dten\u00e1\u0159skou gramotnost<\/strong>, stejn\u011b jako \u0159ada \u00fakol\u016f pracovn\u00edch se\u0161it\u016f, kter\u00e9 vych\u00e1zej\u00ed z&nbsp;porozum\u011bn\u00ed textu uveden\u00e9ho v&nbsp;u\u010debnici. Jednotliv\u00e9 celky jsou uzav\u0159eny&nbsp;<strong>souhrnn\u00fdm opakov\u00e1n\u00edm<\/strong> a&nbsp;<strong>sebehodnotic\u00ed tabulkou<\/strong>. \u00dakoly v&nbsp;pracovn\u00edch se\u0161itech podporuj\u00ed rozvoj zem\u011bpisn\u00e9 gramotnosti.<\/p>\n\n\n\n<p>Na ka\u017ed\u00e9 stran\u011b se\u0161itu jsou uvedeny&nbsp;<strong>odkazy na konkr\u00e9tn\u00ed strany v&nbsp;u\u010debnici<\/strong>. Na voln\u00e9 \u0159\u00e1dky um\u00edst\u011bn\u00e9 ve spodn\u00ed \u010d\u00e1sti stran si \u017e\u00e1ci mohou zapisovat sv\u00e9&nbsp;<strong>pozn\u00e1mky<\/strong> k&nbsp;dan\u00e9mu t\u00e9matu.<\/p>\n\n\n\n<p>Pracovn\u00ed se\u0161ity nav\u00edc obsahuj\u00ed <strong>p\u0159\u00edlohu shrnut\u00ed u\u010diva<\/strong> dan\u00e9ho d\u00edlu nebo ro\u010dn\u00edku.<\/p>\n\n\n<div class=\"wp-block-image\">\n<figure class=\"aligncenter size-large\"><a href=\"https:\/\/www.nns.cz\/blog\/wp-content\/uploads\/barevny-zemepis-afrika.jpg\"><img loading=\"lazy\" decoding=\"async\" width=\"1024\" height=\"934\" src=\"https:\/\/www.nns.cz\/blog\/wp-content\/uploads\/barevny-zemepis-afrika-1024x934.jpg\" alt=\"\" class=\"wp-image-11779\" srcset=\"https:\/\/www.nns.cz\/blog\/wp-content\/uploads\/barevny-zemepis-afrika-1024x934.jpg 1024w, https:\/\/www.nns.cz\/blog\/wp-content\/uploads\/barevny-zemepis-afrika-580x529.jpg 580w, https:\/\/www.nns.cz\/blog\/wp-content\/uploads\/barevny-zemepis-afrika-600x547.jpg 600w, https:\/\/www.nns.cz\/blog\/wp-content\/uploads\/barevny-zemepis-afrika-768x700.jpg 768w, https:\/\/www.nns.cz\/blog\/wp-content\/uploads\/barevny-zemepis-afrika-1320x1203.jpg 1320w\" sizes=\"auto, (max-width: 1024px) 100vw, 1024px\" \/><\/a><\/figure><\/div>\n\n\n<figure class=\"wp-block-image\"><img loading=\"lazy\" decoding=\"async\" width=\"1300\" height=\"688\" src=\"https:\/\/www.nns.cz\/blog\/wp-content\/uploads\/barevne-interaktivni-zemepisy.gif\" alt=\"\" class=\"wp-image-13730\"\/><\/figure>\n\n\n\n<h1 class=\"wp-block-heading\"><a name=\"kotvaMIUC+\"><\/a><strong><a name=\"kotvaMIUC+\"><\/a>Multimedi\u00e1ln\u00ed interaktivn\u00ed u\u010debnice MIU\u010d+<\/strong><\/h1>\n\n\n\n<figure class=\"wp-block-image size-large\"><img loading=\"lazy\" decoding=\"async\" width=\"1600\" height=\"1508\" src=\"https:\/\/www.nns.cz\/blog\/wp-content\/uploads\/NNS.CZ-Zemepis-2-miucplus-1600x1508.png\" alt=\"\" class=\"wp-image-19537\" srcset=\"https:\/\/www.nns.cz\/blog\/wp-content\/uploads\/NNS.CZ-Zemepis-2-miucplus-1600x1508.png 1600w, https:\/\/www.nns.cz\/blog\/wp-content\/uploads\/NNS.CZ-Zemepis-2-miucplus-1024x965.png 1024w, https:\/\/www.nns.cz\/blog\/wp-content\/uploads\/NNS.CZ-Zemepis-2-miucplus-300x283.png 300w, https:\/\/www.nns.cz\/blog\/wp-content\/uploads\/NNS.CZ-Zemepis-2-miucplus-768x724.png 768w, https:\/\/www.nns.cz\/blog\/wp-content\/uploads\/NNS.CZ-Zemepis-2-miucplus-1536x1448.png 1536w, https:\/\/www.nns.cz\/blog\/wp-content\/uploads\/NNS.CZ-Zemepis-2-miucplus-2048x1931.png 2048w\" sizes=\"auto, (max-width: 1600px) 100vw, 1600px\" \/><\/figure>\n\n\n<div class=\"inventory\" data-filter=\"false\" data-next=\"false\" data-cart=\"false\" data-ids=\"910,1013,911,1574,912,1014,913,1575,922,1019,923,1577,924,1020,925,1578,932,1024,933,1579,934,1025,935,1581,941,1028,942,1583\"><div class=\"inventory-list\"><div class=\"dummy\"><\/div><div class=\"dummy\"><\/div><div class=\"dummy\"><\/div><div class=\"dummy\"><\/div><div class=\"dummy\"><\/div><div class=\"dummy\"><\/div><div class=\"dummy\"><\/div><div class=\"dummy\"><\/div><div class=\"dummy\"><\/div><div class=\"dummy\"><\/div><div class=\"dummy\"><\/div><div class=\"dummy\"><\/div><div class=\"dummy\"><\/div><div class=\"dummy\"><\/div><div class=\"dummy\"><\/div><div class=\"dummy\"><\/div><div class=\"dummy\"><\/div><div class=\"dummy\"><\/div><div class=\"dummy\"><\/div><div class=\"dummy\"><\/div><div class=\"dummy\"><\/div><div class=\"dummy\"><\/div><div class=\"dummy\"><\/div><div class=\"dummy\"><\/div><div class=\"dummy\"><\/div><div class=\"dummy\"><\/div><div class=\"dummy\"><\/div><div class=\"dummy\"><\/div><\/div><\/div>\n\n\n\n<p class=\"has-medium-font-size\">Vyzkou\u0161ejte na 30&nbsp;dn\u00ed zdarma na <a href=\"https:\/\/ucebnice.online\/\">www.ucebnice-online.cz<\/a>.<\/p>\n\n\n\n<h1 class=\"wp-block-heading\"><a name=\"kotva01\"><\/a><span style=\"color: #339966;\">Jak se zachovat, kdy\u017e&#8230;<\/span><\/h1>\n\n\n\n<p>U\u010debnice&nbsp;<strong>Jak se zachovat, kdy\u017e\u2026<\/strong> p\u0159in\u00e1\u0161\u00ed p\u0159ehledn\u011b roz\u010dlen\u011bn\u00e1 t\u00e9mata t\u00fdkaj\u00edc\u00ed se ochrany obyvatelstva za mimo\u0159\u00e1dn\u00fdch ud\u00e1lost\u00ed (lze vyu\u017e\u00edt i&nbsp;jako u\u010debnici pro <a href=\"https:\/\/www.nns.cz\/blog\/branna-vychova\/\">brannou v\u00fdchovu<\/a>) a&nbsp;m\u00e1 ud\u011blenu schvalovac\u00ed dolo\u017eku M\u0160MT. Usilovali jsme p\u0159itom o&nbsp;to, aby pod\u00e1van\u00e9 informace byly v&nbsp;souladu nejen s&nbsp;po\u017eadavky RVP ZV a&nbsp;s&nbsp;platnou legislativou, ale aby \u017e\u00e1k\u016fm poskytly praktick\u00e9 rady a&nbsp;pokyny. Proto jsme u\u010debn\u00ed texty konzultovali s&nbsp;odborn\u00edky v&nbsp;oblasti ochrany obyvatelstva a&nbsp;krizov\u00e9ho \u0159\u00edzen\u00ed i&nbsp;v&nbsp;oblasti zdravotnick\u00e9 z\u00e1chrann\u00e9 slu\u017eby.<\/p>\n\n\n<div class=\"inventory\" data-filter=\"false\" data-next=\"false\" data-cart=\"false\" data-ids=\"1149, 1150\"><div class=\"inventory-list\"><div class=\"dummy\"><\/div><div class=\"dummy\"><\/div><\/div><\/div>\n\n\n\n<p class=\"has-medium-font-size\">Kompletn\u00ed aktu\u00e1ln\u00ed nab\u00eddku titul\u016f naleznete&nbsp;<a href=\"https:\/\/www.nns.cz\/obchod\/index.php?item=nabidka&amp;eshop_action=show_sel_data&amp;cat_lev2_chbx%5B%5D=75&amp;cat_lev2_chbx%5B%5D=70&amp;cat_lev2_chbx%5B%5D=65&amp;cat_lev2_chbx%5B%5D=77&amp;cat_lev2_chbx%5B%5D=78&amp;cat_lev3=X&amp;cat_lev4=Vlastiv%C4%9Bda&amp;search_pat=&amp;isbn_pat=\" target=\"_blank\" rel=\"noreferrer noopener\">zde<\/a>.<\/p>\n","protected":false},"excerpt":{"rendered":"<p>Zde si m\u016f\u017eete st\u00e1hnout odpov\u00eddaj\u00edc\u00ed str\u00e1nky katalogu pro 2.&nbsp;stupe\u0148. M\u016f\u017eete vyu\u017e\u00edt&nbsp;ak\u010dn\u00ed nab\u00eddky&nbsp;k&nbsp;n\u00e1kupu barevn\u00fdch pracovn\u00edch se\u0161it\u016f: Ucelen\u00e1 \u0159ada Vyd\u00e1v\u00e1me&nbsp;ucelenou \u0159adu u\u010debnic, pracovn\u00edch se\u0161it\u016f a&nbsp;MIU\u010d+ zem\u011bpisu, kter\u00e9 jsou&nbsp;koncipov\u00e1ny v&nbsp;souladu s&nbsp;RVP ZV. U\u010debnice maj\u00ed&nbsp;platn\u00e9 schvalovac\u00ed dolo\u017eky M\u0160MT.Jednotliv\u00e9 kapitoly obsahuj\u00ed tak\u00e9 n\u00e1zorn\u00e1 sch\u00e9mata, mapy, fotografie a&nbsp;obr\u00e1zky. Nav\u00edc zahrnuj\u00ed n\u00e1vrhy projekt\u016f. U\u010debnice s&nbsp; pracovn\u00edmi se\u0161ity jsou dostupn\u011b tak\u00e9 jako multimedi\u00e1ln\u00ed [&hellip;]<\/p>\n","protected":false},"author":5,"featured_media":0,"parent":0,"menu_order":0,"comment_status":"open","ping_status":"closed","template":"","meta":{"footnotes":""},"class_list":["post-3573","page","type-page","status-publish","hentry"],"_links":{"self":[{"href":"https:\/\/www.nns.cz\/blog\/wp-json\/wp\/v2\/pages\/3573","targetHints":{"allow":["GET"]}}],"collection":[{"href":"https:\/\/www.nns.cz\/blog\/wp-json\/wp\/v2\/pages"}],"about":[{"href":"https:\/\/www.nns.cz\/blog\/wp-json\/wp\/v2\/types\/page"}],"author":[{"embeddable":true,"href":"https:\/\/www.nns.cz\/blog\/wp-json\/wp\/v2\/users\/5"}],"replies":[{"embeddable":true,"href":"https:\/\/www.nns.cz\/blog\/wp-json\/wp\/v2\/comments?post=3573"}],"version-history":[{"count":103,"href":"https:\/\/www.nns.cz\/blog\/wp-json\/wp\/v2\/pages\/3573\/revisions"}],"predecessor-version":[{"id":20901,"href":"https:\/\/www.nns.cz\/blog\/wp-json\/wp\/v2\/pages\/3573\/revisions\/20901"}],"wp:attachment":[{"href":"https:\/\/www.nns.cz\/blog\/wp-json\/wp\/v2\/media?parent=3573"}],"curies":[{"name":"wp","href":"https:\/\/api.w.org\/{rel}","templated":true}]}}