{"id":3610,"date":"2011-09-13T15:52:46","date_gmt":"2011-09-13T13:52:46","guid":{"rendered":"http:\/\/nns.cz\/blog\/?page_id=3610"},"modified":"2021-09-27T21:49:47","modified_gmt":"2021-09-27T19:49:47","slug":"multimedialni-interaktivni-ucebnice-hudebni-vychova","status":"publish","type":"page","link":"https:\/\/www.nns.cz\/blog\/multimedialni-interaktivni-ucebnice-hudebni-vychova\/","title":{"rendered":"Multimedi\u00e1ln\u00ed interaktivn\u00ed u\u010debnice Hudebn\u00ed v\u00fdchova"},"content":{"rendered":"<h2 style=\"text-align: left;\"><a href=\"https:\/\/www.nns.cz\/blog\/wp-content\/uploads\/miuc-hudebni-vychova-2-nnscz.jpg\"><img loading=\"lazy\" decoding=\"async\" class=\"aligncenter size-medium wp-image-8359\" title=\"miuc-hudebni-vychova-2-nnscz\" src=\"https:\/\/www.nns.cz\/blog\/wp-content\/uploads\/miuc-hudebni-vychova-2-nnscz-600x635.jpg\" alt=\"\" width=\"600\" height=\"635\" srcset=\"https:\/\/www.nns.cz\/blog\/wp-content\/uploads\/miuc-hudebni-vychova-2-nnscz-600x635.jpg 600w, https:\/\/www.nns.cz\/blog\/wp-content\/uploads\/miuc-hudebni-vychova-2-nnscz-580x613.jpg 580w, https:\/\/www.nns.cz\/blog\/wp-content\/uploads\/miuc-hudebni-vychova-2-nnscz.jpg 768w\" sizes=\"auto, (max-width: 600px) 100vw, 600px\" \/><\/a><\/h2>\n<h2 style=\"text-align: left;\"><span style=\"font-size: 13px; font-weight: normal;\"><div class=\"inventory\" data-filter=\"false\" data-next=\"false\" data-cart=\"false\" data-ids=\"876,1029,1160,1492\"><div class=\"inventory-list\"><div class=\"dummy\"><\/div><div class=\"dummy\"><\/div><div class=\"dummy\"><\/div><div class=\"dummy\"><\/div><\/div><\/div><\/span><\/h2>\n<h2 style=\"text-align: left;\"><span style=\"font-size: 13px; font-weight: normal;\"><div class=\"inventory\" data-filter=\"false\" data-next=\"false\" data-cart=\"false\" data-ids=\"878,1075,1164,1493\"><div class=\"inventory-list\"><div class=\"dummy\"><\/div><div class=\"dummy\"><\/div><div class=\"dummy\"><\/div><div class=\"dummy\"><\/div><\/div><\/div><\/span><\/h2>\n<h2 style=\"text-align: left;\"><span style=\"font-size: 13px; font-weight: normal;\"><div class=\"inventory\" data-filter=\"false\" data-next=\"false\" data-cart=\"false\" data-ids=\"882,1076,883,1494\"><div class=\"inventory-list\"><div class=\"dummy\"><\/div><div class=\"dummy\"><\/div><div class=\"dummy\"><\/div><div class=\"dummy\"><\/div><\/div><\/div><\/span><\/h2>\n<p><span style=\"font-size: 13px; font-weight: normal;\"><div class=\"inventory\" data-filter=\"false\" data-next=\"false\" data-cart=\"false\" data-ids=\"886,1077,887,1495\"><div class=\"inventory-list\"><div class=\"dummy\"><\/div><div class=\"dummy\"><\/div><div class=\"dummy\"><\/div><div class=\"dummy\"><\/div><\/div><\/div><br \/>\n<\/span><span style=\"font-size: 13px; font-weight: normal;\"><div class=\"inventory\" data-filter=\"false\" data-next=\"false\" data-cart=\"false\" data-ids=\"894,1078,895,1496\"><div class=\"inventory-list\"><div class=\"dummy\"><\/div><div class=\"dummy\"><\/div><div class=\"dummy\"><\/div><div class=\"dummy\"><\/div><\/div><\/div><\/span><\/p>\n<div>\n<p>Pro z\u00e1kladn\u00ed sezn\u00e1men\u00ed s&nbsp;na\u0161imi MIU\u010d doporu\u010dujeme shl\u00e9dnout\u00a0<a href=\"https:\/\/www.nns.cz\/blog\/interaktivni-ucebnice\/\">videa p\u0159edstavuj\u00edc\u00ed mo\u017enosti interaktivn\u00ed v\u00fduky na I. i&nbsp;II. stupni<\/a>.<\/p>\n<p>&nbsp;<\/p>\n<\/div>\n","protected":false},"excerpt":{"rendered":"<p>Pro z\u00e1kladn\u00ed sezn\u00e1men\u00ed s&nbsp;na\u0161imi MIU\u010d doporu\u010dujeme shl\u00e9dnout\u00a0videa p\u0159edstavuj\u00edc\u00ed mo\u017enosti interaktivn\u00ed v\u00fduky na I. i&nbsp;II. stupni. &nbsp;<\/p>\n","protected":false},"author":5,"featured_media":0,"parent":0,"menu_order":0,"comment_status":"open","ping_status":"closed","template":"","meta":{"footnotes":""},"class_list":["post-3610","page","type-page","status-publish","hentry"],"_links":{"self":[{"href":"https:\/\/www.nns.cz\/blog\/wp-json\/wp\/v2\/pages\/3610","targetHints":{"allow":["GET"]}}],"collection":[{"href":"https:\/\/www.nns.cz\/blog\/wp-json\/wp\/v2\/pages"}],"about":[{"href":"https:\/\/www.nns.cz\/blog\/wp-json\/wp\/v2\/types\/page"}],"author":[{"embeddable":true,"href":"https:\/\/www.nns.cz\/blog\/wp-json\/wp\/v2\/users\/5"}],"replies":[{"embeddable":true,"href":"https:\/\/www.nns.cz\/blog\/wp-json\/wp\/v2\/comments?post=3610"}],"version-history":[{"count":19,"href":"https:\/\/www.nns.cz\/blog\/wp-json\/wp\/v2\/pages\/3610\/revisions"}],"predecessor-version":[{"id":15153,"href":"https:\/\/www.nns.cz\/blog\/wp-json\/wp\/v2\/pages\/3610\/revisions\/15153"}],"wp:attachment":[{"href":"https:\/\/www.nns.cz\/blog\/wp-json\/wp\/v2\/media?parent=3610"}],"curies":[{"name":"wp","href":"https:\/\/api.w.org\/{rel}","templated":true}]}}