{"id":50,"date":"2009-01-05T21:35:49","date_gmt":"2009-01-05T20:35:49","guid":{"rendered":"http:\/\/nns.cz\/blog\/?page_id=50"},"modified":"2018-10-06T18:15:31","modified_gmt":"2018-10-06T16:15:31","slug":"vice-o-nakladatelstvi","status":"publish","type":"page","link":"https:\/\/www.nns.cz\/blog\/vice-o-nakladatelstvi\/","title":{"rendered":"V\u00edce o&nbsp;n\u00e1s"},"content":{"rendered":"<p>NOV\u00c1 \u0160KOLA, s.r.o., ji\u017e od roku 1997 vyd\u00e1v\u00e1 u\u010debnice a&nbsp;pracovn\u00ed se\u0161ity pro z\u00e1kladn\u00ed \u0161koly. Pr\u016fb\u011b\u017en\u011b nejen roz\u0161i\u0159ujeme nab\u00eddku, ale i&nbsp;aktualizujeme\u00a0d\u0159\u00edve vydan\u00e9 tituly.\u00a0K ti\u0161t\u011bn\u00fdm u\u010debnic\u00edm vyd\u00e1v\u00e1me tak\u00e9 <a href=\"https:\/\/www.nns.cz\/blog\/miuc-plus\/\" target=\"_self\">multimedi\u00e1ln\u00ed interaktivn\u00ed u\u010debnice<\/a> (MIU\u010d+).\u00a0 Na\u0161i nab\u00eddku si m\u016f\u017eete prohl\u00e9dnout\u00a0<a href=\"https:\/\/nns.cz\/obchod\/?item=nabidka\">zde<\/a> a&nbsp;po&nbsp;<a href=\"https:\/\/nns.cz\/obchod\/index.php?item=zaregistrovat\">registraci<\/a>, pop\u0159\u00edpad\u011b <a href=\"https:\/\/nns.cz\/obchod\/index.php?item=prihlasit\">p\u0159ihl\u00e1\u0161en\u00ed<\/a> m\u016f\u017eete i&nbsp;nakupovat.<\/p>\n<p>Na\u0161\u00edm posl\u00e1n\u00edm je nejen napomoci vybavit \u017e\u00e1ky teoretick\u00fdmi poznatky, ale tak\u00e9 doc\u00edlit toho, aby \u017e\u00e1ci prost\u0159ednictv\u00edm na\u0161ich v\u00fdukov\u00fdch materi\u00e1l\u016f z\u00edskali z\u00e1klady tvo\u0159iv\u00e9ho my\u0161len\u00ed, dovedli logicky uva\u017eovat a&nbsp;\u0159e\u0161it probl\u00e9my vypl\u00fdvaj\u00edc\u00ed ze \u017eivota v&nbsp;jejich okol\u00ed. V&nbsp;\u017eivot\u011b se<br \/>\no&nbsp;takov\u00fdch lidech \u0159\u00edk\u00e1, \u017ee maj\u00ed \u201cselsk\u00fd rozum\u201d.<\/p>\n<p>Na\u0161e u\u010debnice<br \/>\n\u2022 podporuj\u00ed schopnost u\u010dit se a&nbsp;m\u00edt do u\u010den\u00ed chu\u0165,<br \/>\n\u2022 podporuj\u00ed dovednosti k&nbsp;\u0159e\u0161en\u00ed probl\u00e9m\u016f,<br \/>\n\u2022 u\u010d\u00ed um\u011bt pozorovat, hovo\u0159it o&nbsp;pozorovan\u00e9m, komunikovat, vyvozovat z\u00e1v\u011bry.<\/p>\n<p>&nbsp;<\/p>\n","protected":false},"excerpt":{"rendered":"<p>NOV\u00c1 \u0160KOLA, s.r.o., ji\u017e od roku 1997 vyd\u00e1v\u00e1 u\u010debnice a&nbsp;pracovn\u00ed se\u0161ity pro z\u00e1kladn\u00ed \u0161koly. Pr\u016fb\u011b\u017en\u011b nejen roz\u0161i\u0159ujeme nab\u00eddku, ale i&nbsp;aktualizujeme\u00a0d\u0159\u00edve vydan\u00e9 tituly.\u00a0K ti\u0161t\u011bn\u00fdm u\u010debnic\u00edm vyd\u00e1v\u00e1me tak\u00e9 multimedi\u00e1ln\u00ed interaktivn\u00ed u\u010debnice (MIU\u010d+).\u00a0 Na\u0161i nab\u00eddku si m\u016f\u017eete prohl\u00e9dnout\u00a0zde a&nbsp;po&nbsp;registraci, pop\u0159\u00edpad\u011b p\u0159ihl\u00e1\u0161en\u00ed m\u016f\u017eete i&nbsp;nakupovat. Na\u0161\u00edm posl\u00e1n\u00edm je nejen napomoci vybavit \u017e\u00e1ky teoretick\u00fdmi poznatky, ale tak\u00e9 doc\u00edlit toho, aby \u017e\u00e1ci [&hellip;]<\/p>\n","protected":false},"author":5,"featured_media":0,"parent":0,"menu_order":0,"comment_status":"open","ping_status":"open","template":"","meta":{"footnotes":""},"class_list":["post-50","page","type-page","status-publish","hentry"],"_links":{"self":[{"href":"https:\/\/www.nns.cz\/blog\/wp-json\/wp\/v2\/pages\/50","targetHints":{"allow":["GET"]}}],"collection":[{"href":"https:\/\/www.nns.cz\/blog\/wp-json\/wp\/v2\/pages"}],"about":[{"href":"https:\/\/www.nns.cz\/blog\/wp-json\/wp\/v2\/types\/page"}],"author":[{"embeddable":true,"href":"https:\/\/www.nns.cz\/blog\/wp-json\/wp\/v2\/users\/5"}],"replies":[{"embeddable":true,"href":"https:\/\/www.nns.cz\/blog\/wp-json\/wp\/v2\/comments?post=50"}],"version-history":[{"count":21,"href":"https:\/\/www.nns.cz\/blog\/wp-json\/wp\/v2\/pages\/50\/revisions"}],"predecessor-version":[{"id":10892,"href":"https:\/\/www.nns.cz\/blog\/wp-json\/wp\/v2\/pages\/50\/revisions\/10892"}],"wp:attachment":[{"href":"https:\/\/www.nns.cz\/blog\/wp-json\/wp\/v2\/media?parent=50"}],"curies":[{"name":"wp","href":"https:\/\/api.w.org\/{rel}","templated":true}]}}