{"id":597,"date":"2009-02-03T11:10:32","date_gmt":"2009-02-03T10:10:32","guid":{"rendered":"http:\/\/nns.cz\/blog\/seznam-odkazu\/"},"modified":"2009-02-03T19:21:04","modified_gmt":"2009-02-03T18:21:04","slug":"seznam-odkazu","status":"publish","type":"page","link":"https:\/\/www.nns.cz\/blog\/seznam-odkazu\/","title":{"rendered":"Odkazy &#8211; \u010dinnostn\u00ed vyu\u010dov\u00e1n\u00ed"},"content":{"rendered":"<p>Na tomto m\u00edst\u011b naleznete odkazy na n\u011bkter\u00e9 zaj\u00edmav\u00e9 internetov\u00e9 str\u00e1nky organizac\u00ed, kter\u00e9 se zasazuj\u00ed o&nbsp;zkvalitn\u011bn\u00ed vzd\u011bl\u00e1v\u00e1n\u00ed prost\u0159ednictv\u00edm \u010dinnostn\u00edho u\u010den\u00ed, a&nbsp;d\u00e1le str\u00e1nky a&nbsp;\u010dl\u00e1nky v\u011bnovan\u00e9 konkr\u00e9tn\u00edm aspekt\u016fm \u010dinnostn\u00edho u\u010den\u00ed.<\/p>\n<h2><strong>Organizace rozv\u00edjej\u00edc\u00ed \u010dinnostn\u00ed vyu\u010dov\u00e1n\u00ed:<\/strong><\/h2>\n<p><a href=\"http:\/\/www.tvorivaskola.cz\/\" target=\"_blank\"><strong>Tvo\u0159iv\u00e1 \u0161kola<\/strong><\/a><\/p>\n<ul>\n<li>program Tvo\u0159iv\u00e1 \u0161kola v\u00e1m nab\u00edz\u00ed konkr\u00e9tn\u00ed postupy, jak vytv\u00e1\u0159et a&nbsp;v&nbsp;praxi  realizovat <strong>\u0161koln\u00ed vzd\u011bl\u00e1vac\u00ed program<\/strong>. \u010cerp\u00e1 z&nbsp;odkazu J. A.  Komensk\u00e9ho, reformn\u00ed pedagogiky \u010desk\u00e9 \u010dinn\u00e9 \u0161koly (pr\u00e1ce prof. Drtiny, dr. V.  P\u0159\u00edhody, dr. J. Uhera, O. Chlupa, J. \u00dalehly, E. Strnada, S. Vr\u00e1ny a&nbsp;mnoha  dal\u0161\u00edch), ze sou\u010dasn\u00fdch v\u00fdzkum\u016f vzd\u011bl\u00e1v\u00e1n\u00ed a&nbsp;p\u0159edev\u0161\u00edm z&nbsp;mnohalet\u00fdch  <strong>zku\u0161enost\u00ed \u010desk\u00fdch u\u010ditel\u016f<\/strong>.<\/li>\n<\/ul>\n<h2>\u010cl\u00e1nky Mgr. Zdeny Roseck\u00e9 o&nbsp;\u010dinnostn\u00edm vyu\u010dov\u00e1n\u00ed:<\/h2>\n<p><a href=\"http:\/\/www.rvp.cz\/clanek\/635\" target=\"_blank\"><strong>Tvo\u0159iv\u00e1 \u0161kola I. &#8211; \u010cesk\u00e9 \u010dinnostn\u00ed u\u010den\u00ed<\/strong><\/a><\/p>\n<ul>\n<li>Autor: Zdena Roseck\u00e1  &#8211; 12.&nbsp;7.&nbsp;2006<\/li>\n<li>Prvn\u00ed \u010d\u00e1st t\u0159\u00edd\u00edln\u00e9ho seri\u00e1lu text\u016f zam\u011b\u0159en\u00fdch na obecn\u00e9 sezn\u00e1men\u00ed s&nbsp;metodikou  \u010dinnostn\u00edho u\u010den\u00ed v&nbsp;pojet\u00ed programu Tvo\u0159iv\u00e1 \u0161kola.<\/li>\n<\/ul>\n<p><strong><a href=\"http:\/\/www.rvp.cz\/clanek\/6\/638\" target=\"_blank\">Tvo\u0159iv\u00e1 \u0161kola II. &#8211; \u010cinnostn\u00ed u\u010den\u00ed a&nbsp;rozvoj kl\u00ed\u010dov\u00fdch kompetenc\u00ed<\/a><\/strong><\/p>\n<ul>\n<li>Autor: Zdena Roseck\u00e1 &#8211; 17.&nbsp;7.&nbsp;2006<\/li>\n<li>\u010cl\u00e1nek navazuje na text vztahuj\u00edc\u00ed se k&nbsp;projektu Modelov\u00fd \u0161koln\u00ed program Tvo\u0159iv\u00e1  \u0161kola, vyjad\u0159uje se k&nbsp;\u010dinnostn\u00edmu u\u010den\u00ed a&nbsp;jeho form\u00e1m a&nbsp;k&nbsp;jeho d\u016fle\u017eitosti pro  u\u010den\u00ed s&nbsp;porozum\u011bn\u00edm, podrobn\u011b se vyjad\u0159uje k&nbsp;rozvoji jednotliv\u00fdch kl\u00ed\u010dov\u00fdch  kompetenc\u00ed.<small><a href=\"\/clanek\/6\/638\"><br \/>\n<\/a><\/small><\/li>\n<\/ul>\n<p><strong><a href=\"http:\/\/www.rvp.cz\/clanek\/6\/640\" target=\"_blank\">Tvo\u0159iv\u00e1 \u0161kola III. &#8211; Hodnocen\u00ed a&nbsp;sebehodnocen\u00ed \u017e\u00e1k\u016f v&nbsp;1.&nbsp;obdob\u00ed vzd\u011bl\u00e1v\u00e1n\u00ed<\/a><\/strong><\/p>\n<ul>\n<li>Autor: Zdena Roseck\u00e1 &#8211; 19.&nbsp;7.&nbsp;2006<\/li>\n<\/ul>\n<ul>\n<li>Dal\u0161\u00ed \u010d\u00e1st \u0161koln\u00edho programu Modelov\u00fd program Tvo\u0159iv\u00e1 \u0161kola, kter\u00fd upozor\u0148uje na  p\u0159ednosti \u010dinnostn\u00edho u\u010den\u00ed ve \u0161kol\u00e1ch, zejm\u00e9na v&nbsp;souvislosti s&nbsp;rozvojem  kl\u00ed\u010dov\u00fdch kompetenc\u00ed. V&nbsp;\u010dl\u00e1nku jsou podrobn\u011b rozvedeny v\u00fdchovn\u00e9 a&nbsp;vzd\u011bl\u00e1vac\u00ed  strategie \u010dinnostn\u00edho u\u010den\u00ed.<strong><a href=\"http:\/\/www.rvp.cz\/clanek\/6\/1109\" target=\"_blank\"><\/a><\/strong><\/li>\n<\/ul>\n<p><strong><a href=\"http:\/\/www.rvp.cz\/clanek\/6\/1109\" target=\"_blank\">Tvo\u0159iv\u00e1 \u0161kola &#8211; Po\u010detn\u00ed divad\u00e9lko<\/a><\/strong><\/p>\n<ul>\n<li>Autor: \u010cen\u011bk Roseck\u00fd, Zdena Roseck\u00e1 &#8211; 29.&nbsp;1.&nbsp;2007<\/li>\n<\/ul>\n<ul>\n<li>Informace o&nbsp;didaktick\u00e9 pom\u016fcce Po\u010detn\u00ed divad\u00e9lko vytvo\u0159en\u00e9 pro za\u010d\u00e1tky  \u010dinnostn\u00edho u\u010den\u00ed v&nbsp;matematice.<\/li>\n<\/ul>\n<h2>Jin\u00e9 odkazy k&nbsp;t\u00e9matu:<\/h2>\n<p><em>Informace o&nbsp;dal\u0161\u00edch odkazech budou pr\u016fb\u011b\u017en\u011b dopl\u0148ov\u00e1ny.<\/em><\/p>\n","protected":false},"excerpt":{"rendered":"<p>Na tomto m\u00edst\u011b naleznete odkazy na n\u011bkter\u00e9 zaj\u00edmav\u00e9 internetov\u00e9 str\u00e1nky organizac\u00ed, kter\u00e9 se zasazuj\u00ed o&nbsp;zkvalitn\u011bn\u00ed vzd\u011bl\u00e1v\u00e1n\u00ed prost\u0159ednictv\u00edm \u010dinnostn\u00edho u\u010den\u00ed, a&nbsp;d\u00e1le str\u00e1nky a&nbsp;\u010dl\u00e1nky v\u011bnovan\u00e9 konkr\u00e9tn\u00edm aspekt\u016fm \u010dinnostn\u00edho u\u010den\u00ed. Organizace rozv\u00edjej\u00edc\u00ed \u010dinnostn\u00ed vyu\u010dov\u00e1n\u00ed: Tvo\u0159iv\u00e1 \u0161kola program Tvo\u0159iv\u00e1 \u0161kola v\u00e1m nab\u00edz\u00ed konkr\u00e9tn\u00ed postupy, jak vytv\u00e1\u0159et a&nbsp;v&nbsp;praxi realizovat \u0161koln\u00ed vzd\u011bl\u00e1vac\u00ed program. \u010cerp\u00e1 z&nbsp;odkazu J. A. Komensk\u00e9ho, reformn\u00ed pedagogiky \u010desk\u00e9 [&hellip;]<\/p>\n","protected":false},"author":5,"featured_media":0,"parent":0,"menu_order":0,"comment_status":"open","ping_status":"open","template":"","meta":{"footnotes":""},"class_list":["post-597","page","type-page","status-publish","hentry"],"_links":{"self":[{"href":"https:\/\/www.nns.cz\/blog\/wp-json\/wp\/v2\/pages\/597","targetHints":{"allow":["GET"]}}],"collection":[{"href":"https:\/\/www.nns.cz\/blog\/wp-json\/wp\/v2\/pages"}],"about":[{"href":"https:\/\/www.nns.cz\/blog\/wp-json\/wp\/v2\/types\/page"}],"author":[{"embeddable":true,"href":"https:\/\/www.nns.cz\/blog\/wp-json\/wp\/v2\/users\/5"}],"replies":[{"embeddable":true,"href":"https:\/\/www.nns.cz\/blog\/wp-json\/wp\/v2\/comments?post=597"}],"version-history":[{"count":15,"href":"https:\/\/www.nns.cz\/blog\/wp-json\/wp\/v2\/pages\/597\/revisions"}],"predecessor-version":[{"id":598,"href":"https:\/\/www.nns.cz\/blog\/wp-json\/wp\/v2\/pages\/597\/revisions\/598"}],"wp:attachment":[{"href":"https:\/\/www.nns.cz\/blog\/wp-json\/wp\/v2\/media?parent=597"}],"curies":[{"name":"wp","href":"https:\/\/api.w.org\/{rel}","templated":true}]}}

Odkazy &#8211; činnostní vyučování

<p>Na tomto místě naleznete odkazy na některé zajímavé internetové stránky organizací, které se zasazují o&nbsp;zkvalitnění vzdělávání prostřednictvím činnostního učení, a&nbsp;dále stránky a&nbsp;články věnované konkrétním aspektům činnostního učení.</p>
<h2><strong>Organizace rozvíjející činnostní vyučování:</strong></h2>
<p><a href="http://www.tvorivaskola.cz/" target="_blank"><strong>Tvořivá škola</strong></a></p>
<ul>
<li>program Tvořivá škola vám nabízí konkrétní postupy, jak vytvářet a&nbsp;v&nbsp;praxi  realizovat <strong>školní vzdělávací program</strong>. Čerpá z&nbsp;odkazu J. A.  Komenského, reformní pedagogiky české činné školy (práce prof. Drtiny, dr. V.  Příhody, dr. J. Uhera, O. Chlupa, J. Úlehly, E. Strnada, S. Vrány a&nbsp;mnoha  dalších), ze současných výzkumů vzdělávání a&nbsp;především z&nbsp;mnohaletých  <strong>zkušeností českých učitelů</strong>.</li>
</ul>
<h2>Články Mgr. Zdeny Rosecké o&nbsp;činnostním vyučování:</h2>
<p><a href="http://www.rvp.cz/clanek/635" target="_blank"><strong>Tvořivá škola I. &#8211; České činnostní učení</strong></a></p>
<ul>
<li>Autor: Zdena Rosecká  &#8211; 12.&nbsp;7.&nbsp;2006</li>
<li>První část třídílného seriálu textů zaměřených na obecné seznámení s&nbsp;metodikou  činnostního učení v&nbsp;pojetí programu Tvořivá škola.</li>
</ul>
<p><strong><a href="http://www.rvp.cz/clanek/6/638" target="_blank">Tvořivá škola II. &#8211; Činnostní učení a&nbsp;rozvoj klíčových kompetencí</a></strong></p>
<ul>
<li>Autor: Zdena Rosecká &#8211; 17.&nbsp;7.&nbsp;2006</li>
<li>Článek navazuje na text vztahující se k&nbsp;projektu Modelový školní program Tvořivá  škola, vyjadřuje se k&nbsp;činnostnímu učení a&nbsp;jeho formám a&nbsp;k&nbsp;jeho důležitosti pro  učení s&nbsp;porozuměním, podrobně se vyjadřuje k&nbsp;rozvoji jednotlivých klíčových  kompetencí.<small><a href="/clanek/6/638"><br />
</a></small></li>
</ul>
<p><strong><a href="http://www.rvp.cz/clanek/6/640" target="_blank">Tvořivá škola III. &#8211; Hodnocení a&nbsp;sebehodnocení žáků v&nbsp;1.&nbsp;období vzdělávání</a></strong></p>
<ul>
<li>Autor: Zdena Rosecká &#8211; 19.&nbsp;7.&nbsp;2006</li>
</ul>
<ul>
<li>Další část školního programu Modelový program Tvořivá škola, který upozorňuje na  přednosti činnostního učení ve školách, zejména v&nbsp;souvislosti s&nbsp;rozvojem  klíčových kompetencí. V&nbsp;článku jsou podrobně rozvedeny výchovné a&nbsp;vzdělávací  strategie činnostního učení.<strong><a href="http://www.rvp.cz/clanek/6/1109" target="_blank"></a></strong></li>
</ul>
<p><strong><a href="http://www.rvp.cz/clanek/6/1109" target="_blank">Tvořivá škola &#8211; Početní divadélko</a></strong></p>
<ul>
<li>Autor: Čeněk Rosecký, Zdena Rosecká &#8211; 29.&nbsp;1.&nbsp;2007</li>
</ul>
<ul>
<li>Informace o&nbsp;didaktické pomůcce Početní divadélko vytvořené pro začátky  činnostního učení v&nbsp;matematice.</li>
</ul>
<h2>Jiné odkazy k&nbsp;tématu:</h2>
<p><em>Informace o&nbsp;dalších odkazech budou průběžně doplňovány.</em></p>

<p>Na tomto místě naleznete odkazy na některé zajímavé internetové stránky organizací, které se zasazují o&nbsp;zkvalitnění vzdělávání prostřednictvím činnostního učení, a&nbsp;dále stránky a&nbsp;články věnované konkrétním aspektům činnostního učení. Organizace rozvíjející činnostní vyučování: Tvořivá škola program Tvořivá škola vám nabízí konkrétní postupy, jak vytvářet a&nbsp;v&nbsp;praxi realizovat školní vzdělávací program. Čerpá z&nbsp;odkazu J. A. Komenského, reformní pedagogiky české [&hellip;]</p>
